Last updated on 2025-02-16 09:50:36 CET.
Flavor | Version | Tinstall | Tcheck | Ttotal | Status | Flags |
---|---|---|---|---|---|---|
r-devel-linux-x86_64-debian-clang | 1.0.3 | 20.92 | 33.30 | 54.22 | OK | |
r-devel-linux-x86_64-debian-gcc | 1.0.3 | 14.02 | 26.27 | 40.29 | OK | |
r-devel-linux-x86_64-fedora-clang | 1.0.3 | 104.37 | OK | |||
r-devel-linux-x86_64-fedora-gcc | 1.0.3 | 93.82 | OK | |||
r-devel-macos-arm64 | 1.0.3 | 28.00 | OK | |||
r-devel-macos-x86_64 | 1.0.3 | 50.00 | OK | |||
r-devel-windows-x86_64 | 1.0.3 | 21.00 | 76.00 | 97.00 | OK | |
r-patched-linux-x86_64 | 1.0.3 | 20.56 | 31.50 | 52.06 | NOTE | |
r-release-linux-x86_64 | 1.0.3 | 19.43 | 31.77 | 51.20 | NOTE | |
r-release-macos-arm64 | 1.0.3 | 34.00 | NOTE | |||
r-release-macos-x86_64 | 1.0.3 | 46.00 | NOTE | |||
r-release-windows-x86_64 | 1.0.3 | 23.00 | 77.00 | 100.00 | NOTE | |
r-oldrel-macos-arm64 | 1.0.3 | 36.00 | NOTE | |||
r-oldrel-macos-x86_64 | 1.0.3 | 56.00 | NOTE | |||
r-oldrel-windows-x86_64 | 1.0.3 | 22.00 | 110.00 | 132.00 | NOTE |
Version: 1.0.3
Check: LazyData
Result: NOTE
'LazyData' is specified without a 'data' directory
Flavors: r-patched-linux-x86_64, r-release-linux-x86_64, r-release-macos-arm64, r-release-macos-x86_64, r-release-windows-x86_64, r-oldrel-macos-arm64, r-oldrel-macos-x86_64, r-oldrel-windows-x86_64