Last updated on 2025-02-19 09:50:45 CET.
Flavor | Version | Tinstall | Tcheck | Ttotal | Status | Flags |
---|---|---|---|---|---|---|
r-devel-linux-x86_64-debian-clang | 0.2.0 | 4.06 | 36.22 | 40.28 | OK | |
r-devel-linux-x86_64-debian-gcc | 0.2.0 | 2.76 | 24.68 | 27.44 | OK | |
r-devel-linux-x86_64-fedora-clang | 0.2.0 | 67.75 | OK | |||
r-devel-linux-x86_64-fedora-gcc | 0.2.0 | 63.21 | OK | |||
r-devel-macos-arm64 | 0.2.0 | 29.00 | OK | |||
r-devel-macos-x86_64 | 0.2.0 | 54.00 | OK | |||
r-devel-windows-x86_64 | 0.2.0 | 6.00 | 61.00 | 67.00 | OK | |
r-patched-linux-x86_64 | 0.2.0 | 3.93 | 33.61 | 37.54 | OK | |
r-release-linux-x86_64 | 0.2.0 | 3.93 | 34.25 | 38.18 | OK | |
r-release-macos-arm64 | 0.2.0 | 20.00 | OK | |||
r-release-macos-x86_64 | 0.2.0 | 36.00 | OK | |||
r-release-windows-x86_64 | 0.2.0 | 5.00 | 3.00 | 8.00 | FAIL | |
r-oldrel-macos-arm64 | 0.2.0 | 23.00 | OK | |||
r-oldrel-macos-x86_64 | 0.2.0 | 30.00 | OK | |||
r-oldrel-windows-x86_64 | 0.2.0 | 6.00 | 86.00 | 92.00 | OK |
Version: 0.2.0
Check: package dependencies
Result: FAIL
Flavor: r-release-windows-x86_64