Last updated on 2025-02-16 09:50:36 CET.
Flavor | Version | Tinstall | Tcheck | Ttotal | Status | Flags |
---|---|---|---|---|---|---|
r-devel-linux-x86_64-debian-clang | 2.0.0 | 6.29 | 167.93 | 174.22 | NOTE | |
r-devel-linux-x86_64-debian-gcc | 2.0.0 | 4.23 | 116.95 | 121.18 | NOTE | |
r-devel-linux-x86_64-fedora-clang | 2.0.0 | 294.41 | NOTE | |||
r-devel-linux-x86_64-fedora-gcc | 2.0.0 | 296.58 | NOTE | |||
r-devel-macos-arm64 | 2.0.0 | 99.00 | OK | |||
r-devel-macos-x86_64 | 2.0.0 | 178.00 | NOTE | |||
r-devel-windows-x86_64 | 2.0.0 | 8.00 | 217.00 | 225.00 | NOTE | |
r-patched-linux-x86_64 | 2.0.0 | 8.41 | 160.65 | 169.06 | OK | |
r-release-linux-x86_64 | 2.0.0 | 6.65 | 159.64 | 166.29 | OK | |
r-release-macos-arm64 | 2.0.0 | 97.00 | OK | |||
r-release-macos-x86_64 | 2.0.0 | 178.00 | OK | |||
r-release-windows-x86_64 | 2.0.0 | 9.00 | 221.00 | 230.00 | OK | |
r-oldrel-macos-arm64 | 2.0.0 | 100.00 | OK | |||
r-oldrel-macos-x86_64 | 2.0.0 | 166.00 | OK | |||
r-oldrel-windows-x86_64 | 2.0.0 | 12.00 | 241.00 | 253.00 | OK |
Version: 2.0.0
Check: DESCRIPTION meta-information
Result: NOTE
Missing dependency on R >= 4.1.0 because package code uses the pipe
|> or function shorthand \(...) syntax added in R 4.1.0.
File(s) using such syntax:
‘collinear.R’ ‘cor_cramer_v.R’ ‘cor_df.R’ ‘cor_select.R’ ‘identify.R’
‘model_formula.R’ ‘preference_order.R’ ‘preference_order_methods.R’
‘target_encoding_methods.R’ ‘validate.R’ ‘vif_df.R’ ‘vif_select.R’
Flavors: r-devel-linux-x86_64-debian-clang, r-devel-linux-x86_64-debian-gcc, r-devel-linux-x86_64-fedora-clang, r-devel-linux-x86_64-fedora-gcc, r-devel-macos-x86_64, r-devel-windows-x86_64