Last updated on 2025-02-19 09:50:45 CET.
Flavor | Version | Tinstall | Tcheck | Ttotal | Status | Flags |
---|---|---|---|---|---|---|
r-devel-linux-x86_64-debian-clang | 1.0.5 | 16.78 | 32.82 | 49.60 | OK | |
r-devel-linux-x86_64-debian-gcc | 1.0.5 | 11.27 | 25.06 | 36.33 | OK | |
r-devel-linux-x86_64-fedora-clang | 1.0.5 | 96.14 | NOTE | |||
r-devel-linux-x86_64-fedora-gcc | 1.0.5 | 77.58 | NOTE | |||
r-devel-macos-arm64 | 1.0.5 | 28.00 | OK | |||
r-devel-macos-x86_64 | 1.0.5 | 44.00 | OK | |||
r-devel-windows-x86_64 | 1.0.5 | 19.00 | 67.00 | 86.00 | OK | |
r-patched-linux-x86_64 | 1.0.5 | 15.63 | 31.38 | 47.01 | OK | |
r-release-linux-x86_64 | 1.0.5 | 15.53 | 31.15 | 46.68 | OK | |
r-release-macos-arm64 | 1.0.5 | 29.00 | OK | |||
r-release-macos-x86_64 | 1.0.5 | 41.00 | OK | |||
r-release-windows-x86_64 | 1.0.5 | 18.00 | 3.00 | 21.00 | FAIL | |
r-oldrel-macos-arm64 | 1.0.5 | 34.00 | OK | |||
r-oldrel-macos-x86_64 | 1.0.5 | 48.00 | OK | |||
r-oldrel-windows-x86_64 | 1.0.5 | 19.00 | 76.00 | 95.00 | OK |
Version: 1.0.5
Check: compiled code
Result: NOTE
File ‘collUtils/libs/collUtils.so’:
Found no calls to: ‘R_registerRoutines’, ‘R_useDynamicSymbols’
It is good practice to register native routines and to disable symbol
search.
See ‘Writing portable packages’ in the ‘Writing R Extensions’ manual.
Flavors: r-devel-linux-x86_64-fedora-clang, r-devel-linux-x86_64-fedora-gcc
Version: 1.0.5
Check: package dependencies
Result: FAIL
Flavor: r-release-windows-x86_64