Last updated on 2025-10-27 08:49:49 CET.
| Flavor | Version | Tinstall | Tcheck | Ttotal | Status | Flags | 
|---|---|---|---|---|---|---|
| r-devel-linux-x86_64-debian-clang | 2.0-3 | 15.70 | 68.16 | 83.86 | NOTE | |
| r-devel-linux-x86_64-debian-gcc | 2.0-3 | 10.35 | 44.79 | 55.14 | NOTE | |
| r-devel-linux-x86_64-fedora-clang | 2.0-3 | 32.00 | 93.77 | 125.77 | OK | |
| r-devel-linux-x86_64-fedora-gcc | 2.0-3 | 28.00 | 89.89 | 117.89 | OK | |
| r-devel-windows-x86_64 | 2.0-3 | 25.00 | 90.00 | 115.00 | OK | |
| r-patched-linux-x86_64 | 2.0-3 | 13.76 | 62.40 | 76.16 | OK | |
| r-release-linux-x86_64 | 2.0-3 | 11.63 | 63.08 | 74.71 | OK | |
| r-release-macos-arm64 | 2.0-3 | 10.00 | 30.00 | 40.00 | OK | |
| r-release-macos-x86_64 | 2.0-3 | 13.00 | 58.00 | 71.00 | OK | |
| r-release-windows-x86_64 | 2.0-3 | 24.00 | 93.00 | 117.00 | OK | |
| r-oldrel-macos-arm64 | 2.0-3 | 8.00 | 32.00 | 40.00 | OK | |
| r-oldrel-macos-x86_64 | 2.0-3 | 10.00 | 51.00 | 61.00 | OK | |
| r-oldrel-windows-x86_64 | 2.0-3 | 32.00 | 106.00 | 138.00 | OK | 
Version: 2.0-3
Check: CRAN incoming feasibility
Result: NOTE
  Maintainer: ‘M. Helena Goncalves <mhgoncal@ualg.pt>’
  
  No Authors@R field in DESCRIPTION.
  Please add one, modifying
    Authors@R: c(person(given = c("M.", "Helena"),
                        family = "Goncalves",
                        role = c("aut", "cre"),
                        email = "mhgoncal@ualg.pt"),
                 person(given = c("M.", "Salome"),
                        family = "Cabral",
                        role = "aut"),
                 person(given = c("apart", "from", "a", "set", "of", "Fortran-77", "subroutines", "written", "by", "R."),
                        family = "Piessens",
                        role = "aut"),
                 person(given = "E.",
                        family = "de Doncker",
                        role = "aut"),
                 person(given = c("belonging", "to", "the", "suite"),
                        family = "\"Quadpack\".",
                        role = "aut"))
  as necessary.
  
  Package CITATION file contains call(s) to old-style personList() or
  as.personList().  Please use c() on person objects instead.
Flavors: r-devel-linux-x86_64-debian-clang, r-devel-linux-x86_64-debian-gcc