Last updated on 2025-02-19 09:50:45 CET.
Flavor | Version | Tinstall | Tcheck | Ttotal | Status | Flags |
---|---|---|---|---|---|---|
r-devel-linux-x86_64-debian-clang | 0.1.8 | 5.31 | 51.50 | 56.81 | NOTE | |
r-devel-linux-x86_64-debian-gcc | 0.1.8 | 3.60 | 36.34 | 39.94 | NOTE | |
r-devel-linux-x86_64-fedora-clang | 0.1.8 | 90.78 | NOTE | |||
r-devel-linux-x86_64-fedora-gcc | 0.1.8 | 85.13 | NOTE | |||
r-devel-macos-arm64 | 0.1.8 | 28.00 | OK | |||
r-devel-macos-x86_64 | 0.1.8 | 56.00 | NOTE | |||
r-devel-windows-x86_64 | 0.1.8 | 6.00 | 68.00 | 74.00 | NOTE | |
r-patched-linux-x86_64 | 0.1.8 | 5.28 | 47.98 | 53.26 | OK | |
r-release-linux-x86_64 | 0.1.8 | 4.63 | 47.61 | 52.24 | OK | |
r-release-macos-arm64 | 0.1.8 | 31.00 | OK | |||
r-release-macos-x86_64 | 0.1.8 | 43.00 | OK | |||
r-release-windows-x86_64 | 0.1.8 | 7.00 | 67.00 | 74.00 | OK | |
r-oldrel-macos-arm64 | 0.1.8 | 35.00 | OK | |||
r-oldrel-macos-x86_64 | 0.1.8 | 61.00 | OK | |||
r-oldrel-windows-x86_64 | 0.1.8 | 9.00 | 80.00 | 89.00 | OK |
Version: 0.1.8
Check: DESCRIPTION meta-information
Result: NOTE
Missing dependency on R >= 4.1.0 because package code uses the pipe
|> or function shorthand \(...) syntax added in R 4.1.0.
File(s) using such syntax:
‘cb_summary_stats_numeric.R’
Flavors: r-devel-linux-x86_64-debian-clang, r-devel-linux-x86_64-debian-gcc, r-devel-linux-x86_64-fedora-clang, r-devel-linux-x86_64-fedora-gcc, r-devel-macos-x86_64, r-devel-windows-x86_64