Last updated on 2025-02-16 09:50:36 CET.
Flavor | Version | Tinstall | Tcheck | Ttotal | Status | Flags |
---|---|---|---|---|---|---|
r-devel-linux-x86_64-debian-clang | 0.6-6 | 9.45 | 93.99 | 103.44 | NOTE | |
r-devel-linux-x86_64-debian-gcc | 0.6-6 | 7.21 | 65.06 | 72.27 | NOTE | |
r-devel-linux-x86_64-fedora-clang | 0.6-6 | 174.32 | OK | |||
r-devel-linux-x86_64-fedora-gcc | 0.6-6 | 170.04 | OK | |||
r-devel-macos-arm64 | 0.6-6 | 77.00 | OK | |||
r-devel-macos-x86_64 | 0.6-6 | 154.00 | OK | |||
r-devel-windows-x86_64 | 0.6-6 | 11.00 | 104.00 | 115.00 | NOTE | |
r-patched-linux-x86_64 | 0.6-6 | 12.57 | 88.61 | 101.18 | OK | |
r-release-linux-x86_64 | 0.6-6 | 8.84 | 89.15 | 97.99 | OK | |
r-release-macos-arm64 | 0.6-6 | 45.00 | OK | |||
r-release-macos-x86_64 | 0.6-6 | 75.00 | OK | |||
r-release-windows-x86_64 | 0.6-6 | 10.00 | 105.00 | 115.00 | OK | |
r-oldrel-macos-arm64 | 0.6-6 | 48.00 | OK | |||
r-oldrel-macos-x86_64 | 0.6-6 | 80.00 | OK | |||
r-oldrel-windows-x86_64 | 0.6-6 | 15.00 | 145.00 | 160.00 | OK |
Version: 0.6-6
Check: Rd cross-references
Result: NOTE
Found the following Rd file(s) with Rd \link{} targets missing package
anchors:
dic.fit.mcmc.Rd: MCMCmetrop1R
Please provide package anchors for all Rd \link{} targets not in the
package itself and the base packages.
Flavors: r-devel-linux-x86_64-debian-clang, r-devel-linux-x86_64-debian-gcc, r-devel-windows-x86_64