CRAN Package Check Results for Package clustur

Last updated on 2025-04-15 09:52:18 CEST.

Flavor Version Tinstall Tcheck Ttotal Status Flags
r-devel-linux-x86_64-debian-clang 0.1.1 272.71 63.63 336.34 OK
r-devel-linux-x86_64-debian-gcc 0.1.1 191.52 47.01 238.53 OK
r-devel-linux-x86_64-fedora-clang 0.1.2 795.87 OK
r-devel-linux-x86_64-fedora-gcc 0.1.2 684.38 OK
r-devel-windows-x86_64 0.1.2 267.00 120.00 387.00 OK
r-patched-linux-x86_64 0.1.1 275.24 62.01 337.25 OK
r-release-linux-x86_64 0.1.1 274.11 61.52 335.63 OK
r-release-macos-arm64 0.1.2 183.00 OK
r-release-macos-x86_64 0.1.2 156.00 OK
r-release-windows-x86_64 0.1.1 329.00 111.00 440.00 OK
r-oldrel-macos-arm64 0.1.2 145.00 NOTE
r-oldrel-macos-x86_64 0.1.2 160.00 NOTE
r-oldrel-windows-x86_64 0.1.1 373.00 138.00 511.00 OK

Check Details

Version: 0.1.2
Check: installed package size
Result: NOTE installed size is 19.5Mb sub-directories of 1Mb or more: libs 19.1Mb Flavors: r-oldrel-macos-arm64, r-oldrel-macos-x86_64