Last updated on 2025-02-16 09:50:36 CET.
Flavor | Version | Tinstall | Tcheck | Ttotal | Status | Flags |
---|---|---|---|---|---|---|
r-devel-linux-x86_64-debian-clang | 0.1.2 | 6.15 | 43.08 | 49.23 | NOTE | |
r-devel-linux-x86_64-debian-gcc | 0.1.2 | 4.64 | 31.27 | 35.91 | NOTE | |
r-devel-linux-x86_64-fedora-clang | 0.1.2 | 83.57 | NOTE | |||
r-devel-linux-x86_64-fedora-gcc | 0.1.2 | 72.09 | NOTE | |||
r-devel-macos-arm64 | 0.1.2 | 25.00 | NOTE | |||
r-devel-macos-x86_64 | 0.1.2 | 49.00 | NOTE | |||
r-devel-windows-x86_64 | 0.1.2 | 6.00 | 61.00 | 67.00 | NOTE | |
r-patched-linux-x86_64 | 0.1.2 | 5.46 | 39.36 | 44.82 | NOTE | |
r-release-linux-x86_64 | 0.1.2 | 5.57 | 39.57 | 45.14 | NOTE | |
r-release-macos-arm64 | 0.1.2 | 27.00 | NOTE | |||
r-release-macos-x86_64 | 0.1.2 | 38.00 | NOTE | |||
r-release-windows-x86_64 | 0.1.2 | 7.00 | 62.00 | 69.00 | NOTE | |
r-oldrel-macos-arm64 | 0.1.2 | 27.00 | OK | |||
r-oldrel-macos-x86_64 | 0.1.2 | 39.00 | OK | |||
r-oldrel-windows-x86_64 | 0.1.2 | 10.00 | 90.00 | 100.00 | OK |
Version: 0.1.2
Check: Rd files
Result: NOTE
checkRd: (-1) clr.Rd:24: Lost braces
24 | the sense that its Karhunen-Lo\`{e}ve decomposition has qx terms only.}
| ^
Flavors: r-devel-linux-x86_64-debian-clang, r-devel-linux-x86_64-debian-gcc, r-devel-linux-x86_64-fedora-clang, r-devel-linux-x86_64-fedora-gcc, r-devel-macos-arm64, r-devel-macos-x86_64, r-devel-windows-x86_64, r-patched-linux-x86_64, r-release-linux-x86_64, r-release-macos-arm64, r-release-macos-x86_64, r-release-windows-x86_64