Last updated on 2025-02-16 09:50:36 CET.
Flavor | Version | Tinstall | Tcheck | Ttotal | Status | Flags |
---|---|---|---|---|---|---|
r-devel-linux-x86_64-debian-clang | 0.2.3 | 114.04 | 438.85 | 552.89 | OK | |
r-devel-linux-x86_64-debian-gcc | 0.2.3 | 103.52 | 295.28 | 398.80 | OK | |
r-devel-linux-x86_64-fedora-clang | 0.2.3 | 980.87 | OK | |||
r-devel-linux-x86_64-fedora-gcc | 0.2.3 | 1018.94 | OK | |||
r-devel-macos-arm64 | 0.2.3 | 203.00 | OK | |||
r-devel-macos-x86_64 | 0.2.3 | 491.00 | OK | |||
r-devel-windows-x86_64 | 0.2.3 | 122.00 | 421.00 | 543.00 | OK | |
r-patched-linux-x86_64 | 0.2.3 | 134.47 | 435.96 | 570.43 | NOTE | |
r-release-linux-x86_64 | 0.2.3 | 142.27 | 432.18 | 574.45 | NOTE | |
r-release-macos-arm64 | 0.2.3 | 121.00 | NOTE | |||
r-release-macos-x86_64 | 0.2.3 | 242.00 | NOTE | |||
r-release-windows-x86_64 | 0.2.3 | 125.00 | 423.00 | 548.00 | NOTE | |
r-oldrel-macos-arm64 | 0.2.3 | 249.00 | NOTE | |||
r-oldrel-macos-x86_64 | 0.2.3 | 779.00 | NOTE | |||
r-oldrel-windows-x86_64 | 0.2.3 | 154.00 | 529.00 | 683.00 | NOTE |
Version: 0.2.3
Check: for GNU extensions in Makefiles
Result: NOTE
GNU make is a SystemRequirements.
Flavors: r-patched-linux-x86_64, r-release-linux-x86_64, r-release-macos-arm64, r-release-macos-x86_64, r-release-windows-x86_64, r-oldrel-macos-arm64, r-oldrel-macos-x86_64, r-oldrel-windows-x86_64
Version: 0.2.3
Check: installed package size
Result: NOTE
installed size is 38.1Mb
sub-directories of 1Mb or more:
libs 36.0Mb
Flavors: r-release-macos-arm64, r-release-macos-x86_64, r-oldrel-macos-arm64, r-oldrel-macos-x86_64