Last updated on 2025-02-16 09:50:35 CET.
Flavor | Version | Tinstall | Tcheck | Ttotal | Status | Flags |
---|---|---|---|---|---|---|
r-devel-linux-x86_64-debian-clang | 1.3.3 | 11.41 | 105.40 | 116.81 | NOTE | |
r-devel-linux-x86_64-debian-gcc | 1.3.3 | 10.54 | 73.27 | 83.81 | NOTE | |
r-devel-linux-x86_64-fedora-clang | 1.3.3 | 205.38 | OK | |||
r-devel-linux-x86_64-fedora-gcc | 1.3.3 | 177.24 | OK | |||
r-devel-macos-arm64 | 1.3.3 | 51.00 | OK | |||
r-devel-macos-x86_64 | 1.3.3 | 108.00 | OK | |||
r-devel-windows-x86_64 | 1.3.3 | 15.00 | 127.00 | 142.00 | NOTE | |
r-patched-linux-x86_64 | 1.3.3 | 17.36 | 97.96 | 115.32 | OK | |
r-release-linux-x86_64 | 1.3.3 | 12.55 | 98.63 | 111.18 | OK | |
r-release-macos-arm64 | 1.3.3 | 50.00 | OK | |||
r-release-macos-x86_64 | 1.3.3 | 78.00 | OK | |||
r-release-windows-x86_64 | 1.3.3 | 15.00 | 124.00 | 139.00 | OK | |
r-oldrel-macos-arm64 | 1.3.3 | 117.00 | OK | |||
r-oldrel-macos-x86_64 | 1.3.3 | 147.00 | OK | |||
r-oldrel-windows-x86_64 | 1.3.3 | 19.00 | 144.00 | 163.00 | OK |
Version: 1.3.3
Check: Rd cross-references
Result: NOTE
Found the following Rd file(s) with Rd \link{} targets missing package
anchors:
fitMarkovChain.Rd: Rsolnp
frequencies.Rd: transactions
Please provide package anchors for all Rd \link{} targets not in the
package itself and the base packages.
Flavors: r-devel-linux-x86_64-debian-clang, r-devel-linux-x86_64-debian-gcc, r-devel-windows-x86_64