Last updated on 2025-02-16 09:50:35 CET.
Flavor | Version | Tinstall | Tcheck | Ttotal | Status | Flags |
---|---|---|---|---|---|---|
r-devel-linux-x86_64-debian-clang | 0.1 | 1.70 | 16.75 | 18.45 | OK | |
r-devel-linux-x86_64-debian-gcc | 0.1 | 1.32 | 14.33 | 15.65 | OK | |
r-devel-linux-x86_64-fedora-clang | 0.1 | 31.13 | OK | |||
r-devel-linux-x86_64-fedora-gcc | 0.1 | 28.34 | OK | |||
r-devel-macos-arm64 | 0.1 | 15.00 | OK | |||
r-devel-macos-x86_64 | 0.1 | 39.00 | OK | |||
r-devel-windows-x86_64 | 0.1 | 3.00 | 45.00 | 48.00 | OK | |
r-patched-linux-x86_64 | 0.1 | 1.67 | 15.78 | 17.45 | NOTE | |
r-release-linux-x86_64 | 0.1 | 1.49 | 15.99 | 17.48 | NOTE | |
r-release-macos-arm64 | 0.1 | 18.00 | NOTE | |||
r-release-macos-x86_64 | 0.1 | 27.00 | NOTE | |||
r-release-windows-x86_64 | 0.1 | 3.00 | 49.00 | 52.00 | NOTE | |
r-oldrel-macos-arm64 | 0.1 | 14.00 | NOTE | |||
r-oldrel-macos-x86_64 | 0.1 | 20.00 | NOTE | |||
r-oldrel-windows-x86_64 | 0.1 | 2.00 | 39.00 | 41.00 | NOTE |
Version: 0.1
Check: LazyData
Result: NOTE
'LazyData' is specified without a 'data' directory
Flavors: r-patched-linux-x86_64, r-release-linux-x86_64, r-release-macos-arm64, r-release-macos-x86_64, r-release-windows-x86_64, r-oldrel-macos-arm64, r-oldrel-macos-x86_64, r-oldrel-windows-x86_64