CRAN Package Check Results for Package clarifai

Last updated on 2025-02-16 09:50:35 CET.

Flavor Version Tinstall Tcheck Ttotal Status Flags
r-devel-linux-x86_64-debian-clang 0.4.2 2.28 28.06 30.34 NOTE
r-devel-linux-x86_64-debian-gcc 0.4.2 1.72 22.75 24.47 NOTE
r-devel-linux-x86_64-fedora-clang 0.4.2 52.42 NOTE
r-devel-linux-x86_64-fedora-gcc 0.4.2 60.14 NOTE
r-devel-macos-arm64 0.4.2 33.00 NOTE
r-devel-macos-x86_64 0.4.2 67.00 NOTE
r-devel-windows-x86_64 0.4.2 4.00 52.00 56.00 NOTE
r-patched-linux-x86_64 0.4.2 2.44 26.25 28.69 NOTE
r-release-linux-x86_64 0.4.2 2.13 26.43 28.56 NOTE
r-release-macos-arm64 0.4.2 31.00 NOTE
r-release-macos-x86_64 0.4.2 58.00 NOTE
r-release-windows-x86_64 0.4.2 3.00 54.00 57.00 NOTE
r-oldrel-macos-arm64 0.4.2 23.00 NOTE
r-oldrel-macos-x86_64 0.4.2 36.00 NOTE
r-oldrel-windows-x86_64 0.4.2 5.00 52.00 57.00 NOTE

Check Details

Version: 0.4.2
Check: Rd files
Result: NOTE checkRd: (-1) get_langs.Rd:13: Lost braces 13 | character vector listing all the languages that tag API call supports. See \code{\link{tag_images}} and code{\link{tag_image_urls}} | ^ Flavors: r-devel-linux-x86_64-debian-clang, r-devel-linux-x86_64-debian-gcc, r-devel-linux-x86_64-fedora-clang, r-devel-linux-x86_64-fedora-gcc, r-devel-macos-arm64, r-devel-macos-x86_64, r-devel-windows-x86_64, r-patched-linux-x86_64, r-release-linux-x86_64, r-release-macos-arm64, r-release-macos-x86_64, r-release-windows-x86_64

Version: 0.4.2
Check: LazyData
Result: NOTE 'LazyData' is specified without a 'data' directory Flavors: r-patched-linux-x86_64, r-release-linux-x86_64, r-release-macos-arm64, r-release-macos-x86_64, r-release-windows-x86_64, r-oldrel-macos-arm64, r-oldrel-macos-x86_64, r-oldrel-windows-x86_64