Last updated on 2025-02-19 09:50:44 CET.
Flavor | Version | Tinstall | Tcheck | Ttotal | Status | Flags |
---|---|---|---|---|---|---|
r-devel-linux-x86_64-debian-clang | 0.1.0 | 7.77 | 74.30 | 82.07 | OK | |
r-devel-linux-x86_64-debian-gcc | 0.1.0 | 5.04 | 52.95 | 57.99 | OK | |
r-devel-linux-x86_64-fedora-clang | 0.1.0 | 127.63 | OK | |||
r-devel-linux-x86_64-fedora-gcc | 0.1.0 | 134.30 | OK | |||
r-devel-macos-arm64 | 0.1.0 | 64.00 | OK | |||
r-devel-macos-x86_64 | 0.1.0 | 120.00 | OK | |||
r-devel-windows-x86_64 | 0.1.0 | 8.00 | 110.00 | 118.00 | OK | |
r-patched-linux-x86_64 | 0.1.0 | 6.61 | 67.69 | 74.30 | OK | |
r-release-linux-x86_64 | 0.1.0 | 6.57 | 59.85 | 66.42 | ERROR | |
r-release-macos-arm64 | 0.1.0 | 67.00 | OK | |||
r-release-macos-x86_64 | 0.1.0 | 100.00 | OK | |||
r-release-windows-x86_64 | 0.1.0 | 10.00 | 118.00 | 128.00 | OK | |
r-oldrel-macos-arm64 | 0.1.0 | 79.00 | OK | |||
r-oldrel-macos-x86_64 | 0.1.0 | 120.00 | OK | |||
r-oldrel-windows-x86_64 | 0.1.0 | 12.00 | 142.00 | 154.00 | OK |
Version: 0.1.0
Check: tests
Result: ERROR
Running ‘testthat.R’ [3s/7s]
Running the tests in ‘tests/testthat.R’ failed.
Complete output:
> # This file is part of the standard setup for testthat.
> # It is recommended that you do not modify it.
> #
> # Where should you do additional test configuration?
> # Learn more about the roles of various files in:
> # * https://r-pkgs.org/testing-design.html#sec-tests-files-overview
> # * https://testthat.r-lib.org/articles/special-files.html
>
> library(testthat)
> library(citmre)
>
> test_check("citmre")
lexical error: invalid char in json text.
<!DOCTYPE html PUBLIC "-//W3C//
(right here) ------^
lexical error: invalid char in json text.
<!DOCTYPE html PUBLIC "-//W3C//
(right here) ------^
lexical error: invalid char in json text.
<!DOCTYPE html PUBLIC "-//W3C//
(right here) ------^
lexical error: invalid char in json text.
<!DOCTYPE html PUBLIC "-//W3C//
(right here) ------^
lexical error: invalid char in json text.
<!DOCTYPE html PUBLIC "-//W3C//
(right here) ------^
lexical error: invalid char in json text.
<!DOCTYPE html PUBLIC "-//W3C//
(right here) ------^
lexical error: invalid char in json text.
<!DOCTYPE html PUBLIC "-//W3C//
(right here) ------^
lexical error: invalid char in json text.
<!DOCTYPE html PUBLIC "-//W3C//
(right here) ------^
lexical error: invalid char in json text.
<!DOCTYPE html PUBLIC "-//W3C//
(right here) ------^
lexical error: invalid char in json text.
<!DOCTYPE html PUBLIC "-//W3C//
(right here) ------^
lexical error: invalid char in json text.
<!DOCTYPE html PUBLIC "-//W3C//
(right here) ------^
lexical error: invalid char in json text.
<!DOCTYPE html PUBLIC "-//W3C//
(right here) ------^
lexical error: invalid char in json text.
<!DOCTYPE html PUBLIC "-//W3C//
(right here) ------^
lexical error: invalid char in json text.
<!DOCTYPE html PUBLIC "-//W3C//
(right here) ------^
lexical error: invalid char in json text.
<!DOCTYPE html PUBLIC "-//W3C//
(right here) ------^
lexical error: invalid char in json text.
<!DOCTYPE html PUBLIC "-//W3C//
(right here) ------^
[ FAIL 12 | WARN 0 | SKIP 0 | PASS 4 ]
══ Failed tests ════════════════════════════════════════════════════════════════
── Failure ('test-citmre.R:3:3'): Checking output type for all frequencies ─────
rmre_data(frequency = 365) has type 'NULL', not 'double'.
── Failure ('test-citmre.R:4:3'): Checking output type for all frequencies ─────
rmre_data(frequency = 12) has type 'NULL', not 'double'.
── Failure ('test-citmre.R:5:3'): Checking output type for all frequencies ─────
rmre_data(frequency = 4) has type 'NULL', not 'double'.
── Failure ('test-citmre.R:6:3'): Checking output type for all frequencies ─────
rmre_data(frequency = 2) has type 'NULL', not 'double'.
── Failure ('test-citmre.R:10:3'): Checking output type when log_return is TRUE ──
rmre_data(frequency = 365, log_return = TRUE) has type 'NULL', not 'double'.
── Failure ('test-citmre.R:11:3'): Checking output type when log_return is TRUE ──
rmre_data(frequency = 12, log_return = TRUE) has type 'NULL', not 'double'.
── Failure ('test-citmre.R:12:3'): Checking output type when log_return is TRUE ──
rmre_data(frequency = 4, log_return = TRUE) has type 'NULL', not 'double'.
── Failure ('test-citmre.R:13:3'): Checking output type when log_return is TRUE ──
rmre_data(frequency = 2, log_return = TRUE) has type 'NULL', not 'double'.
── Failure ('test-citmre.R:29:3'): Checking output null values ─────────────────
all(...) is not TRUE
`actual`: FALSE
`expected`: TRUE
── Failure ('test-citmre.R:30:3'): Checking output null values ─────────────────
all(...) is not TRUE
`actual`: FALSE
`expected`: TRUE
── Failure ('test-citmre.R:31:3'): Checking output null values ─────────────────
all(...) is not TRUE
`actual`: FALSE
`expected`: TRUE
── Failure ('test-citmre.R:32:3'): Checking output null values ─────────────────
all(...) is not TRUE
`actual`: FALSE
`expected`: TRUE
[ FAIL 12 | WARN 0 | SKIP 0 | PASS 4 ]
Error: Test failures
Execution halted
Flavor: r-release-linux-x86_64
Version: 0.1.0
Check: re-building of vignette outputs
Result: ERROR
Error(s) in re-building vignettes:
...
--- re-building ‘citmre.Rmd’ using rmarkdown
Quitting from lines 42-45 [plot_1] (citmre.Rmd)
Error: processing vignette 'citmre.Rmd' failed with diagnostics:
need finite 'xlim' values
--- failed re-building ‘citmre.Rmd’
SUMMARY: processing the following file failed:
‘citmre.Rmd’
Error: Vignette re-building failed.
Execution halted
Flavor: r-release-linux-x86_64