Last updated on 2025-02-16 09:50:35 CET.
Flavor | Version | Tinstall | Tcheck | Ttotal | Status | Flags |
---|---|---|---|---|---|---|
r-devel-linux-x86_64-debian-clang | 0.4-1 | 5.06 | 43.39 | 48.45 | OK | |
r-devel-linux-x86_64-debian-gcc | 0.4-1 | 3.64 | 32.43 | 36.07 | OK | |
r-devel-linux-x86_64-fedora-clang | 0.4-1 | 82.14 | OK | |||
r-devel-linux-x86_64-fedora-gcc | 0.4-1 | 85.63 | OK | |||
r-devel-macos-arm64 | 0.4-1 | 35.00 | OK | |||
r-devel-macos-x86_64 | 0.4-1 | 62.00 | OK | |||
r-devel-windows-x86_64 | 0.4-1 | 7.00 | 65.00 | 72.00 | OK | |
r-patched-linux-x86_64 | 0.4-1 | 4.99 | 40.72 | 45.71 | NOTE | |
r-release-linux-x86_64 | 0.4-1 | 4.45 | 40.69 | 45.14 | NOTE | |
r-release-macos-arm64 | 0.4-1 | 39.00 | NOTE | |||
r-release-macos-x86_64 | 0.4-1 | 46.00 | NOTE | |||
r-release-windows-x86_64 | 0.4-1 | 8.00 | 65.00 | 73.00 | NOTE | |
r-oldrel-macos-arm64 | 0.4-1 | 33.00 | NOTE | |||
r-oldrel-macos-x86_64 | 0.4-1 | 43.00 | NOTE | |||
r-oldrel-windows-x86_64 | 0.4-1 | 8.00 | 76.00 | 84.00 | NOTE |
Version: 0.4-1
Check: LazyData
Result: NOTE
'LazyData' is specified without a 'data' directory
Flavors: r-patched-linux-x86_64, r-release-linux-x86_64, r-release-macos-arm64, r-release-macos-x86_64, r-release-windows-x86_64, r-oldrel-macos-arm64, r-oldrel-macos-x86_64, r-oldrel-windows-x86_64