Last updated on 2025-02-16 09:50:35 CET.
Flavor | Version | Tinstall | Tcheck | Ttotal | Status | Flags |
---|---|---|---|---|---|---|
r-devel-linux-x86_64-debian-clang | 1.1.1 | 19.18 | 25.45 | 44.63 | NOTE | |
r-devel-linux-x86_64-debian-gcc | 1.1.1 | 16.48 | 20.82 | 37.30 | NOTE | |
r-devel-linux-x86_64-fedora-clang | 1.1.1 | 88.05 | NOTE | |||
r-devel-linux-x86_64-fedora-gcc | 1.1.1 | 85.44 | NOTE | |||
r-devel-macos-arm64 | 1.1.1 | 26.00 | NOTE | |||
r-devel-macos-x86_64 | 1.1.1 | 50.00 | NOTE | |||
r-devel-windows-x86_64 | 1.1.1 | 22.00 | 65.00 | 87.00 | NOTE | |
r-patched-linux-x86_64 | 1.1.1 | 22.10 | 24.49 | 46.59 | NOTE | |
r-release-linux-x86_64 | 1.1.1 | 21.80 | 24.36 | 46.16 | NOTE | |
r-release-macos-arm64 | 1.1.1 | 30.00 | NOTE | |||
r-release-macos-x86_64 | 1.1.1 | 43.00 | NOTE | |||
r-release-windows-x86_64 | 1.1.1 | 23.00 | 69.00 | 92.00 | NOTE | |
r-oldrel-macos-arm64 | 1.1.1 | 29.00 | NOTE | |||
r-oldrel-macos-x86_64 | 1.1.1 | 49.00 | NOTE | |||
r-oldrel-windows-x86_64 | 1.1.1 | 23.00 | 96.00 | 119.00 | NOTE |
Version: 1.1.1
Check: C++ specification
Result: NOTE
Specified C++11: please drop specification unless essential
Flavors: r-devel-linux-x86_64-debian-clang, r-devel-linux-x86_64-debian-gcc, r-devel-linux-x86_64-fedora-clang, r-devel-linux-x86_64-fedora-gcc, r-devel-macos-arm64, r-devel-macos-x86_64, r-devel-windows-x86_64, r-patched-linux-x86_64, r-release-linux-x86_64, r-release-macos-arm64, r-release-macos-x86_64, r-release-windows-x86_64, r-oldrel-macos-arm64, r-oldrel-macos-x86_64, r-oldrel-windows-x86_64
Version: 1.1.1
Check: Rd files
Result: NOTE
checkRd: (-1) chunker-methods.Rd:63: Lost braces in \enumerate; meant \describe ?
checkRd: (-1) chunker-methods.Rd:64: Lost braces in \enumerate; meant \describe ?
checkRd: (-1) chunker-methods.Rd:69: Lost braces in \enumerate; meant \describe ?
checkRd: (-1) chunker-methods.Rd:70: Lost braces in \enumerate; meant \describe ?
Flavors: r-devel-linux-x86_64-debian-clang, r-devel-linux-x86_64-debian-gcc, r-devel-linux-x86_64-fedora-clang, r-devel-linux-x86_64-fedora-gcc, r-devel-macos-arm64, r-devel-macos-x86_64, r-devel-windows-x86_64, r-patched-linux-x86_64, r-release-linux-x86_64, r-release-macos-arm64, r-release-macos-x86_64, r-release-windows-x86_64