Last updated on 2025-02-19 09:50:44 CET.
Flavor | Version | Tinstall | Tcheck | Ttotal | Status | Flags |
---|---|---|---|---|---|---|
r-devel-linux-x86_64-debian-clang | 0.8 | 3.98 | 32.81 | 36.79 | OK | |
r-devel-linux-x86_64-debian-gcc | 0.8 | 2.69 | 24.18 | 26.87 | OK | |
r-devel-linux-x86_64-fedora-clang | 0.8 | 58.20 | OK | |||
r-devel-linux-x86_64-fedora-gcc | 0.8 | 54.42 | OK | |||
r-devel-macos-arm64 | 0.8 | 20.00 | OK | |||
r-devel-macos-x86_64 | 0.8 | 36.00 | OK | |||
r-devel-windows-x86_64 | 0.8 | 5.00 | 59.00 | 64.00 | OK | |
r-patched-linux-x86_64 | 0.8 | 3.95 | 30.59 | 34.54 | OK | |
r-release-linux-x86_64 | 0.8 | 3.82 | 30.03 | 33.85 | OK | |
r-release-macos-arm64 | 0.8 | 21.00 | OK | |||
r-release-macos-x86_64 | 0.8 | 30.00 | OK | |||
r-release-windows-x86_64 | 0.8 | 5.00 | 3.00 | 8.00 | FAIL | |
r-oldrel-macos-arm64 | 0.8 | 25.00 | OK | |||
r-oldrel-macos-x86_64 | 0.8 | 44.00 | OK | |||
r-oldrel-windows-x86_64 | 0.8 | 6.00 | 73.00 | 79.00 | OK |
Version: 0.8
Check: package dependencies
Result: FAIL
Flavor: r-release-windows-x86_64