Last updated on 2025-02-16 09:50:35 CET.
Flavor | Version | Tinstall | Tcheck | Ttotal | Status | Flags |
---|---|---|---|---|---|---|
r-devel-linux-x86_64-debian-clang | 0.2.1 | 10.16 | 80.77 | 90.93 | OK | |
r-devel-linux-x86_64-debian-gcc | 0.2.1 | 6.99 | 58.63 | 65.62 | OK | |
r-devel-linux-x86_64-fedora-clang | 0.2.1 | 159.61 | NOTE | |||
r-devel-linux-x86_64-fedora-gcc | 0.2.1 | 137.33 | NOTE | |||
r-devel-macos-arm64 | 0.2.1 | 42.00 | OK | |||
r-devel-macos-x86_64 | 0.2.1 | 81.00 | OK | |||
r-devel-windows-x86_64 | 0.2.1 | 11.00 | 163.00 | 174.00 | OK | |
r-patched-linux-x86_64 | 0.2.1 | 7.79 | 74.84 | 82.63 | NOTE | |
r-release-linux-x86_64 | 0.2.1 | 7.31 | 74.14 | 81.45 | NOTE | |
r-release-macos-arm64 | 0.2.1 | 47.00 | NOTE | |||
r-release-macos-x86_64 | 0.2.1 | 66.00 | NOTE | |||
r-release-windows-x86_64 | 0.2.1 | 11.00 | 131.00 | 142.00 | NOTE | |
r-oldrel-macos-arm64 | 0.2.1 | 43.00 | NOTE | |||
r-oldrel-macos-x86_64 | 0.2.1 | 62.00 | NOTE | |||
r-oldrel-windows-x86_64 | 0.2.1 | 14.00 | 125.00 | 139.00 | NOTE |
Version: 0.2.1
Check: dependencies in R code
Result: NOTE
Namespace in Imports field not imported from: ‘readr’
All declared Imports should be used.
Flavors: r-devel-linux-x86_64-fedora-clang, r-devel-linux-x86_64-fedora-gcc
Version: 0.2.1
Check: package dependencies
Result: NOTE
Package suggested but not available for checking: ‘entab’
Flavors: r-patched-linux-x86_64, r-release-linux-x86_64, r-release-macos-arm64, r-release-macos-x86_64, r-release-windows-x86_64, r-oldrel-windows-x86_64
Version: 0.2.1
Check: package dependencies
Result: NOTE
Packages suggested but not available for checking: 'entab', 'mzR'
Flavors: r-oldrel-macos-arm64, r-oldrel-macos-x86_64