Last updated on 2025-02-19 09:50:44 CET.
Flavor | Version | Tinstall | Tcheck | Ttotal | Status | Flags |
---|---|---|---|---|---|---|
r-devel-linux-x86_64-debian-clang | 2024.11-15 | 67.77 | 177.20 | 244.97 | OK | |
r-devel-linux-x86_64-debian-gcc | 2024.11-15 | 42.66 | 113.59 | 156.25 | OK | |
r-devel-linux-x86_64-fedora-clang | 2024.11-15 | 426.71 | OK | |||
r-devel-linux-x86_64-fedora-gcc | 2024.11-15 | 414.12 | OK | |||
r-devel-macos-arm64 | 2024.11-15 | 100.00 | OK | |||
r-devel-macos-x86_64 | 2024.11-15 | 216.00 | OK | |||
r-devel-windows-x86_64 | 2024.11-15 | 70.00 | 182.00 | 252.00 | OK | |
r-patched-linux-x86_64 | 2024.11-15 | 66.36 | 166.67 | 233.03 | OK | |
r-release-linux-x86_64 | 2024.11-15 | 62.80 | 168.18 | 230.98 | OK | |
r-release-macos-arm64 | 2024.11-15 | 246.00 | OK | |||
r-release-macos-x86_64 | 2024.11-15 | 290.00 | OK | |||
r-release-windows-x86_64 | 2024.11-15 | 75.00 | 3.00 | 78.00 | FAIL | |
r-oldrel-macos-arm64 | 2024.11-15 | 247.00 | OK | |||
r-oldrel-macos-x86_64 | 2024.11-15 | 302.00 | OK | |||
r-oldrel-windows-x86_64 | 2024.11-15 | 88.00 | 232.00 | 320.00 | OK |
Version: 2024.11-15
Check: package dependencies
Result: FAIL
Flavor: r-release-windows-x86_64