Last updated on 2025-02-19 09:50:44 CET.
Flavor | Version | Tinstall | Tcheck | Ttotal | Status | Flags |
---|---|---|---|---|---|---|
r-devel-linux-x86_64-debian-clang | 1.0-2 | 16.57 | 122.87 | 139.44 | NOTE | |
r-devel-linux-x86_64-debian-gcc | 1.0-2 | 11.31 | 86.62 | 97.93 | NOTE | |
r-devel-linux-x86_64-fedora-clang | 1.0-2 | 220.28 | NOTE | |||
r-devel-linux-x86_64-fedora-gcc | 1.0-2 | 248.34 | NOTE | |||
r-devel-macos-arm64 | 1.0-2 | 64.00 | NOTE | |||
r-devel-macos-x86_64 | 1.0-2 | 125.00 | NOTE | |||
r-devel-windows-x86_64 | 1.0-2 | 16.00 | 159.00 | 175.00 | NOTE | |
r-patched-linux-x86_64 | 1.0-2 | 16.30 | 115.69 | 131.99 | NOTE | |
r-release-linux-x86_64 | 1.0-2 | 14.02 | 114.85 | 128.87 | NOTE | |
r-release-macos-arm64 | 1.0-2 | 62.00 | NOTE | |||
r-release-macos-x86_64 | 1.0-2 | 102.00 | NOTE | |||
r-release-windows-x86_64 | 1.0-2 | 16.00 | 154.00 | 170.00 | NOTE | |
r-oldrel-macos-arm64 | 1.0-2 | 73.00 | OK | |||
r-oldrel-macos-x86_64 | 1.0-2 | 124.00 | NOTE | |||
r-oldrel-windows-x86_64 | 1.0-2 | 21.00 | 196.00 | 217.00 | OK |
Version: 1.0-2
Check: Rd files
Result: NOTE
checkRd: (-1) C316.amp.Rd:28-32: Lost braces
28 | 40 x {
| ^
checkRd: (-1) C317.amp.Rd:28-32: Lost braces
28 | 40 x {
| ^
checkRd: (-1) C60.amp.Rd:63-67: Lost braces
63 | 40 x {
| ^
Flavors: r-devel-linux-x86_64-debian-clang, r-devel-linux-x86_64-debian-gcc, r-devel-linux-x86_64-fedora-clang, r-devel-linux-x86_64-fedora-gcc, r-devel-macos-arm64, r-devel-macos-x86_64, r-devel-windows-x86_64, r-patched-linux-x86_64, r-release-linux-x86_64, r-release-macos-arm64, r-release-macos-x86_64, r-release-windows-x86_64
Version: 1.0-2
Check: package dependencies
Result: NOTE
Packages suggested but not available for checking: 'drc', 'qpcR'
Flavor: r-oldrel-macos-x86_64
Version: 1.0-2
Check: Rd cross-references
Result: NOTE
Package unavailable to check Rd xrefs: ‘qpcR’
Flavor: r-oldrel-macos-x86_64