Last updated on 2025-02-19 09:50:44 CET.
Flavor | Version | Tinstall | Tcheck | Ttotal | Status | Flags |
---|---|---|---|---|---|---|
r-devel-linux-x86_64-debian-clang | 1.0.4 | 6.36 | 54.01 | 60.37 | OK | |
r-devel-linux-x86_64-debian-gcc | 1.0.4 | 4.90 | 38.68 | 43.58 | OK | |
r-devel-linux-x86_64-fedora-clang | 1.0.4 | 95.77 | OK | |||
r-devel-linux-x86_64-fedora-gcc | 1.0.4 | 87.55 | OK | |||
r-devel-macos-arm64 | 1.0.4 | 38.00 | OK | |||
r-devel-macos-x86_64 | 1.0.4 | 88.00 | OK | |||
r-devel-windows-x86_64 | 1.0.4 | 9.00 | 88.00 | 97.00 | OK | |
r-patched-linux-x86_64 | 1.0.4 | 6.60 | 48.74 | 55.34 | OK | |
r-release-linux-x86_64 | 1.0.4 | 6.24 | 49.70 | 55.94 | OK | |
r-release-macos-arm64 | 1.0.4 | 45.00 | OK | |||
r-release-macos-x86_64 | 1.0.4 | 63.00 | OK | |||
r-release-windows-x86_64 | 1.0.4 | 9.00 | 3.00 | 12.00 | FAIL | |
r-oldrel-macos-arm64 | 1.0.4 | 39.00 | OK | |||
r-oldrel-macos-x86_64 | 1.0.4 | 65.00 | OK | |||
r-oldrel-windows-x86_64 | 1.0.4 | 11.00 | 108.00 | 119.00 | OK |
Version: 1.0.4
Check: package dependencies
Result: FAIL
Flavor: r-release-windows-x86_64