Last updated on 2025-02-19 09:50:44 CET.
Flavor | Version | Tinstall | Tcheck | Ttotal | Status | Flags |
---|---|---|---|---|---|---|
r-devel-linux-x86_64-debian-clang | 2.0.7 | 17.77 | 60.17 | 77.94 | OK | |
r-devel-linux-x86_64-debian-gcc | 2.0.7 | 12.44 | 40.78 | 53.22 | OK | |
r-devel-linux-x86_64-fedora-clang | 2.0.7 | 121.00 | OK | |||
r-devel-linux-x86_64-fedora-gcc | 2.0.7 | 116.54 | OK | |||
r-devel-macos-arm64 | 2.0.7 | 39.00 | OK | |||
r-devel-macos-x86_64 | 2.0.7 | 73.00 | OK | |||
r-devel-windows-x86_64 | 2.0.7 | 27.00 | 96.00 | 123.00 | OK | |
r-patched-linux-x86_64 | 2.0.7 | 18.03 | 55.05 | 73.08 | OK | |
r-release-linux-x86_64 | 2.0.7 | 16.31 | 55.90 | 72.21 | OK | |
r-release-macos-arm64 | 2.0.7 | 40.00 | OK | |||
r-release-macos-x86_64 | 2.0.7 | 52.00 | OK | |||
r-release-windows-x86_64 | 2.0.7 | 27.00 | 3.00 | 30.00 | FAIL | |
r-oldrel-macos-arm64 | 2.0.7 | 44.00 | OK | |||
r-oldrel-macos-x86_64 | 2.0.7 | 97.00 | OK | |||
r-oldrel-windows-x86_64 | 2.0.7 | 31.00 | 112.00 | 143.00 | OK |
Version: 2.0.7
Check: package dependencies
Result: FAIL
Flavor: r-release-windows-x86_64