Last updated on 2025-02-19 09:50:44 CET.
Flavor | Version | Tinstall | Tcheck | Ttotal | Status | Flags |
---|---|---|---|---|---|---|
r-devel-linux-x86_64-debian-clang | 1.9.0 | 28.99 | 341.84 | 370.83 | OK | |
r-devel-linux-x86_64-debian-gcc | 1.9.0 | 15.72 | 204.43 | 220.15 | OK | |
r-devel-linux-x86_64-fedora-clang | 1.9.0 | 569.00 | OK | |||
r-devel-linux-x86_64-fedora-gcc | 1.9.0 | 534.43 | OK | |||
r-devel-macos-arm64 | 1.9.0 | 116.00 | OK | |||
r-devel-macos-x86_64 | 1.9.0 | 299.00 | OK | |||
r-devel-windows-x86_64 | 1.9.0 | 24.00 | 255.00 | 279.00 | OK | |
r-patched-linux-x86_64 | 1.9.0 | 26.47 | 306.80 | 333.27 | OK | |
r-release-linux-x86_64 | 1.9.0 | 27.11 | 302.52 | 329.63 | OK | |
r-release-macos-arm64 | 1.9.0 | 114.00 | OK | |||
r-release-macos-x86_64 | 1.9.0 | 220.00 | OK | |||
r-release-windows-x86_64 | 1.9.0 | 23.00 | 3.00 | 26.00 | FAIL | |
r-oldrel-macos-arm64 | 1.9.0 | 125.00 | OK | |||
r-oldrel-macos-x86_64 | 1.9.0 | 334.00 | OK | |||
r-oldrel-windows-x86_64 | 1.9.0 | 32.00 | 321.00 | 353.00 | OK |
Version: 1.9.0
Check: package dependencies
Result: FAIL
Flavor: r-release-windows-x86_64