Last updated on 2025-02-19 09:50:44 CET.
Flavor | Version | Tinstall | Tcheck | Ttotal | Status | Flags |
---|---|---|---|---|---|---|
r-devel-linux-x86_64-debian-clang | 0.0.5 | 5.54 | 45.12 | 50.66 | OK | |
r-devel-linux-x86_64-debian-gcc | 0.0.5 | 3.40 | 31.82 | 35.22 | OK | |
r-devel-linux-x86_64-fedora-clang | 0.0.5 | 80.90 | OK | |||
r-devel-linux-x86_64-fedora-gcc | 0.0.5 | 74.49 | OK | |||
r-devel-macos-arm64 | 0.0.5 | 28.00 | OK | |||
r-devel-macos-x86_64 | 0.0.5 | 47.00 | OK | |||
r-devel-windows-x86_64 | 0.0.5 | 8.00 | 72.00 | 80.00 | OK | |
r-patched-linux-x86_64 | 0.0.5 | 4.37 | 41.63 | 46.00 | OK | |
r-release-linux-x86_64 | 0.0.5 | 4.18 | 41.63 | 45.81 | OK | |
r-release-macos-arm64 | 0.0.5 | 26.00 | OK | |||
r-release-macos-x86_64 | 0.0.5 | 45.00 | OK | |||
r-release-windows-x86_64 | 0.0.5 | 9.00 | 3.00 | 12.00 | FAIL | |
r-oldrel-macos-arm64 | 0.0.5 | 26.00 | OK | |||
r-oldrel-macos-x86_64 | 0.0.5 | 39.00 | OK | |||
r-oldrel-windows-x86_64 | 0.0.5 | 9.00 | 82.00 | 91.00 | OK |
Version: 0.0.5
Check: package dependencies
Result: FAIL
Flavor: r-release-windows-x86_64