Last updated on 2025-02-16 09:50:35 CET.
Flavor | Version | Tinstall | Tcheck | Ttotal | Status | Flags |
---|---|---|---|---|---|---|
r-devel-linux-x86_64-debian-clang | 2.0.0 | 47.39 | 70.82 | 118.21 | OK | |
r-devel-linux-x86_64-debian-gcc | 2.0.0 | 37.30 | 56.01 | 93.31 | OK | |
r-devel-linux-x86_64-fedora-clang | 2.0.0 | 198.98 | OK | |||
r-devel-linux-x86_64-fedora-gcc | 2.0.0 | 216.37 | OK | |||
r-devel-macos-arm64 | 2.0.0 | 56.00 | OK | |||
r-devel-macos-x86_64 | 2.0.0 | 106.00 | OK | |||
r-devel-windows-x86_64 | 2.0.0 | 49.00 | 110.00 | 159.00 | OK | |
r-patched-linux-x86_64 | 2.0.0 | 48.72 | 71.83 | 120.55 | OK | |
r-release-linux-x86_64 | 2.0.0 | 50.70 | 70.96 | 121.66 | OK | |
r-release-macos-arm64 | 2.0.0 | 50.00 | NOTE | |||
r-release-macos-x86_64 | 2.0.0 | 77.00 | NOTE | |||
r-release-windows-x86_64 | 2.0.0 | 48.00 | 115.00 | 163.00 | OK | |
r-oldrel-macos-arm64 | 2.0.0 | 58.00 | NOTE | |||
r-oldrel-macos-x86_64 | 2.0.0 | 95.00 | NOTE | |||
r-oldrel-windows-x86_64 | 2.0.0 | 59.00 | 120.00 | 179.00 | OK |
Version: 2.0.0
Check: installed package size
Result: NOTE
installed size is 17.5Mb
sub-directories of 1Mb or more:
libs 17.3Mb
Flavors: r-release-macos-arm64, r-release-macos-x86_64, r-oldrel-macos-arm64, r-oldrel-macos-x86_64