CRAN Package Check Results for Package cemco

Last updated on 2025-02-19 09:50:44 CET.

Flavor Version Tinstall Tcheck Ttotal Status Flags
r-devel-linux-x86_64-debian-clang 0.2 2.21 27.91 30.12 OK
r-devel-linux-x86_64-debian-gcc 0.2 1.78 20.59 22.37 OK
r-devel-linux-x86_64-fedora-clang 0.2 49.74 OK
r-devel-linux-x86_64-fedora-gcc 0.2 46.31 OK
r-devel-macos-arm64 0.2 19.00 OK
r-devel-macos-x86_64 0.2 51.00 OK
r-devel-windows-x86_64 0.2 4.00 57.00 61.00 OK
r-patched-linux-x86_64 0.2 2.48 26.42 28.90 OK
r-release-linux-x86_64 0.2 2.37 26.11 28.48 OK
r-release-macos-arm64 0.2 19.00 OK
r-release-macos-x86_64 0.2 28.00 OK
r-release-windows-x86_64 0.2 3.00 3.00 6.00 FAIL
r-oldrel-macos-arm64 0.2 22.00 OK
r-oldrel-macos-x86_64 0.2 40.00 OK
r-oldrel-windows-x86_64 0.2 4.00 61.00 65.00 OK

Check Details

Version: 0.2
Check: package dependencies
Result: FAIL
Flavor: r-release-windows-x86_64