Last updated on 2025-02-19 09:50:44 CET.
Flavor | Version | Tinstall | Tcheck | Ttotal | Status | Flags |
---|---|---|---|---|---|---|
r-devel-linux-x86_64-debian-clang | 1.4 | 1.94 | 24.79 | 26.73 | NOTE | |
r-devel-linux-x86_64-debian-gcc | 1.4 | 1.57 | 19.05 | 20.62 | NOTE | |
r-devel-linux-x86_64-fedora-clang | 1.4 | 43.85 | NOTE | |||
r-devel-linux-x86_64-fedora-gcc | 1.4 | 39.74 | NOTE | |||
r-devel-macos-arm64 | 1.4 | 18.00 | NOTE | |||
r-devel-macos-x86_64 | 1.4 | 42.00 | NOTE | |||
r-devel-windows-x86_64 | 1.4 | 3.00 | 48.00 | 51.00 | NOTE | |
r-patched-linux-x86_64 | 1.4 | 1.99 | 23.79 | 25.78 | NOTE | |
r-release-linux-x86_64 | 1.4 | 1.27 | 23.39 | 24.66 | NOTE | |
r-release-macos-arm64 | 1.4 | 23.00 | NOTE | |||
r-release-macos-x86_64 | 1.4 | 36.00 | NOTE | |||
r-release-windows-x86_64 | 1.4 | 3.00 | 3.00 | 6.00 | FAIL | |
r-oldrel-macos-arm64 | 1.4 | 18.00 | NOTE | |||
r-oldrel-macos-x86_64 | 1.4 | 23.00 | NOTE | |||
r-oldrel-windows-x86_64 | 1.4 | 3.00 | 52.00 | 55.00 | NOTE |
Version: 1.4
Check: Rd files
Result: NOTE
checkRd: (-1) A10_vSMC_volume_data.Rd:37: Escaped LaTeX specials: \_
checkRd: (-1) A10_vSMC_volume_data.Rd:38: Escaped LaTeX specials: \_
checkRd: (-1) A10_vSMC_volume_data.Rd:39: Escaped LaTeX specials: \_
checkRd: (-1) A10_vSMC_volume_data.Rd:40: Escaped LaTeX specials: \_
checkRd: (-1) A10_vSMC_volume_data.Rd:41: Escaped LaTeX specials: \_
checkRd: (-1) A10_vSMC_volume_data.Rd:42: Escaped LaTeX specials: \_
checkRd: (-1) A10_vSMC_volume_data.Rd:43: Escaped LaTeX specials: \_
checkRd: (-1) A10_vSMC_volume_data.Rd:44: Escaped LaTeX specials: \_
checkRd: (-1) A10_vSMC_volume_data.Rd:45: Escaped LaTeX specials: \_
checkRd: (-1) A10_vSMC_volume_data.Rd:46: Escaped LaTeX specials: \_
checkRd: (-1) A10_vSMC_volume_data.Rd:47: Escaped LaTeX specials: \_
checkRd: (-1) A10_vSMC_volume_data.Rd:48: Escaped LaTeX specials: \_
checkRd: (-1) A10_vSMC_volume_data.Rd:49: Escaped LaTeX specials: \_
checkRd: (-1) A10_vSMC_volume_data.Rd:56: Escaped LaTeX specials: \_
checkRd: (-1) A10_vSMC_volume_data.Rd:57: Escaped LaTeX specials: \_
checkRd: (-1) A10_vSMC_volume_data.Rd:58: Escaped LaTeX specials: \_
checkRd: (-1) A10_vSMC_volume_data.Rd:59: Escaped LaTeX specials: \_
checkRd: (-1) A10_vSMC_volume_data.Rd:60: Escaped LaTeX specials: \_
checkRd: (-1) A10_vSMC_volume_data.Rd:61: Escaped LaTeX specials: \_
checkRd: (-1) A10_vSMC_volume_data.Rd:62: Escaped LaTeX specials: \_
checkRd: (-1) A10_vSMC_volume_data.Rd:64: Escaped LaTeX specials: \_
checkRd: (-1) A10_vSMC_volume_data.Rd:65: Escaped LaTeX specials: \_
checkRd: (-1) A10_vSMC_volume_data.Rd:66: Escaped LaTeX specials: \_
checkRd: (-1) A10_vSMC_volume_data.Rd:67: Escaped LaTeX specials: \_
checkRd: (-1) A10_vSMC_volume_data.Rd:68: Escaped LaTeX specials: \_
checkRd: (-1) A10_vSMC_volume_data.Rd:70: Escaped LaTeX specials: \_ \_
checkRd: (-1) NIH3T3_volume_data.Rd:20: Escaped LaTeX specials: \_
checkRd: (-1) NIH3T3_volume_data.Rd:21: Escaped LaTeX specials: \_
checkRd: (-1) NIH3T3_volume_data.Rd:22: Escaped LaTeX specials: \_
checkRd: (-1) NIH3T3_volume_data.Rd:23: Escaped LaTeX specials: \_
checkRd: (-1) NIH3T3_volume_data.Rd:28: Escaped LaTeX specials: \_
checkRd: (-1) NIH3T3_volume_data.Rd:29: Escaped LaTeX specials: \_
checkRd: (-1) NIH3T3_volume_data.Rd:30: Escaped LaTeX specials: \_
checkRd: (-1) NIH3T3_volume_data.Rd:31: Escaped LaTeX specials: \_
checkRd: (-1) NIH3T3_volume_data.Rd:33: Escaped LaTeX specials: \_
Flavors: r-devel-linux-x86_64-debian-clang, r-devel-linux-x86_64-debian-gcc, r-devel-linux-x86_64-fedora-clang, r-devel-linux-x86_64-fedora-gcc, r-devel-macos-arm64, r-devel-macos-x86_64, r-devel-windows-x86_64, r-patched-linux-x86_64, r-release-linux-x86_64, r-release-macos-arm64, r-release-macos-x86_64, r-oldrel-macos-arm64, r-oldrel-macos-x86_64, r-oldrel-windows-x86_64
Version: 1.4
Check: package dependencies
Result: FAIL
Flavor: r-release-windows-x86_64