Last updated on 2025-02-19 09:50:44 CET.
Flavor | Version | Tinstall | Tcheck | Ttotal | Status | Flags |
---|---|---|---|---|---|---|
r-devel-linux-x86_64-debian-clang | 1.0.3 | 8.96 | 74.90 | 83.86 | NOTE | |
r-devel-linux-x86_64-debian-gcc | 1.0.3 | 5.87 | 54.24 | 60.11 | NOTE | |
r-devel-linux-x86_64-fedora-clang | 1.0.3 | 137.32 | OK | |||
r-devel-linux-x86_64-fedora-gcc | 1.0.3 | 125.93 | OK | |||
r-devel-macos-arm64 | 1.0.3 | 39.00 | OK | |||
r-devel-macos-x86_64 | 1.0.3 | 115.00 | OK | |||
r-devel-windows-x86_64 | 1.0.3 | 9.00 | 89.00 | 98.00 | NOTE | |
r-patched-linux-x86_64 | 1.0.3 | 11.47 | 71.85 | 83.32 | OK | |
r-release-linux-x86_64 | 1.0.3 | 7.77 | 69.65 | 77.42 | OK | |
r-release-macos-arm64 | 1.0.3 | 37.00 | OK | |||
r-release-macos-x86_64 | 1.0.3 | 69.00 | OK | |||
r-release-windows-x86_64 | 1.0.3 | 11.00 | 3.00 | 14.00 | FAIL | |
r-oldrel-macos-arm64 | 1.0.3 | 50.00 | OK | |||
r-oldrel-macos-x86_64 | 1.0.3 | 70.00 | OK | |||
r-oldrel-windows-x86_64 | 1.0.3 | 9.00 | 109.00 | 118.00 | OK |
Version: 1.0.3
Check: Rd cross-references
Result: NOTE
Found the following Rd file(s) with Rd \link{} targets missing package
anchors:
G.start.Rd: lsei
cds.Rd: lsei
cdstoclue.Rd: cl_agreement
gen.cop.Rd: copClayton
group.ALS.Rd: lsei
Please provide package anchors for all Rd \link{} targets not in the
package itself and the base packages.
Flavors: r-devel-linux-x86_64-debian-clang, r-devel-linux-x86_64-debian-gcc, r-devel-windows-x86_64
Version: 1.0.3
Check: package dependencies
Result: FAIL
Flavor: r-release-windows-x86_64