Last updated on 2025-02-19 09:50:44 CET.
Flavor | Version | Tinstall | Tcheck | Ttotal | Status | Flags |
---|---|---|---|---|---|---|
r-devel-linux-x86_64-debian-clang | 0.1.1 | 3.01 | 24.65 | 27.66 | OK | |
r-devel-linux-x86_64-debian-gcc | 0.1.1 | 2.29 | 19.66 | 21.95 | OK | |
r-devel-linux-x86_64-fedora-clang | 0.1.1 | 45.86 | OK | |||
r-devel-linux-x86_64-fedora-gcc | 0.1.1 | 42.08 | OK | |||
r-devel-macos-arm64 | 0.1.1 | 20.00 | OK | |||
r-devel-macos-x86_64 | 0.1.1 | 41.00 | OK | |||
r-devel-windows-x86_64 | 0.1.1 | 6.00 | 45.00 | 51.00 | OK | |
r-patched-linux-x86_64 | 0.1.1 | 2.62 | 23.26 | 25.88 | OK | |
r-release-linux-x86_64 | 0.1.1 | 2.44 | 23.33 | 25.77 | OK | |
r-release-macos-arm64 | 0.1.1 | 19.00 | OK | |||
r-release-macos-x86_64 | 0.1.1 | 35.00 | OK | |||
r-release-windows-x86_64 | 0.1.1 | 6.00 | 3.00 | 9.00 | FAIL | |
r-oldrel-macos-arm64 | 0.1.1 | 17.00 | OK | |||
r-oldrel-macos-x86_64 | 0.1.1 | 26.00 | OK | |||
r-oldrel-windows-x86_64 | 0.1.1 | 6.00 | 46.00 | 52.00 | OK |
Version: 0.1.1
Check: package dependencies
Result: FAIL
Flavor: r-release-windows-x86_64