Last updated on 2025-02-19 09:50:44 CET.
Flavor | Version | Tinstall | Tcheck | Ttotal | Status | Flags |
---|---|---|---|---|---|---|
r-devel-linux-x86_64-debian-clang | 0.3.5 | 6.12 | 33.25 | 39.37 | OK | |
r-devel-linux-x86_64-debian-gcc | 0.3.5 | 2.52 | 23.48 | 26.00 | OK | |
r-devel-linux-x86_64-fedora-clang | 0.3.5 | 65.05 | OK | |||
r-devel-linux-x86_64-fedora-gcc | 0.3.5 | 58.81 | OK | |||
r-devel-macos-arm64 | 0.3.5 | 22.00 | OK | |||
r-devel-macos-x86_64 | 0.3.5 | 37.00 | OK | |||
r-devel-windows-x86_64 | 0.3.5 | 6.00 | 51.00 | 57.00 | OK | |
r-patched-linux-x86_64 | 0.3.5 | 5.71 | 30.80 | 36.51 | OK | |
r-release-linux-x86_64 | 0.3.5 | 3.76 | 31.00 | 34.76 | OK | |
r-release-macos-arm64 | 0.3.5 | 26.00 | OK | |||
r-release-macos-x86_64 | 0.3.5 | 38.00 | OK | |||
r-release-windows-x86_64 | 0.3.5 | 7.00 | 3.00 | 10.00 | FAIL | |
r-oldrel-macos-arm64 | 0.3.5 | 27.00 | OK | |||
r-oldrel-macos-x86_64 | 0.3.5 | 37.00 | OK | |||
r-oldrel-windows-x86_64 | 0.3.5 | 8.00 | 54.00 | 62.00 | OK |
Version: 0.3.5
Check: package dependencies
Result: FAIL
Flavor: r-release-windows-x86_64