Last updated on 2025-02-16 09:50:35 CET.
Flavor | Version | Tinstall | Tcheck | Ttotal | Status | Flags |
---|---|---|---|---|---|---|
r-devel-linux-x86_64-debian-clang | 1.6.4 | 2.21 | 26.85 | 29.06 | NOTE | |
r-devel-linux-x86_64-debian-gcc | 1.6.4 | 1.67 | 20.44 | 22.11 | NOTE | |
r-devel-linux-x86_64-fedora-clang | 1.6.4 | 48.29 | NOTE | |||
r-devel-linux-x86_64-fedora-gcc | 1.6.4 | 44.04 | NOTE | |||
r-devel-macos-arm64 | 1.6.4 | 19.00 | NOTE | |||
r-devel-macos-x86_64 | 1.6.4 | 44.00 | NOTE | |||
r-devel-windows-x86_64 | 1.6.4 | 3.00 | 53.00 | 56.00 | NOTE | |
r-patched-linux-x86_64 | 1.6.4 | 2.48 | 25.14 | 27.62 | NOTE | |
r-release-linux-x86_64 | 1.6.4 | 2.35 | 25.54 | 27.89 | NOTE | |
r-release-macos-arm64 | 1.6.4 | 18.00 | NOTE | |||
r-release-macos-x86_64 | 1.6.4 | 27.00 | NOTE | |||
r-release-windows-x86_64 | 1.6.4 | 4.00 | 47.00 | 51.00 | NOTE | |
r-oldrel-macos-arm64 | 1.6.4 | 26.00 | OK | |||
r-oldrel-macos-x86_64 | 1.6.4 | 27.00 | OK | |||
r-oldrel-windows-x86_64 | 1.6.4 | 4.00 | 78.00 | 82.00 | OK |
Version: 1.6.4
Check: Rd files
Result: NOTE
checkRd: (-1) catmapdata.Rd:9-14: Lost braces in \itemize; meant \describe ?
checkRd: (-1) catmapdata.Rd:14-15: Lost braces in \itemize; meant \describe ?
checkRd: (-1) catmapdata.Rd:15-16: Lost braces in \itemize; meant \describe ?
checkRd: (-1) catmapdata.Rd:16-17: Lost braces in \itemize; meant \describe ?
checkRd: (-1) catmapdata.Rd:17-18: Lost braces in \itemize; meant \describe ?
checkRd: (-1) catmapdata.Rd:18-19: Lost braces in \itemize; meant \describe ?
checkRd: (-1) catmapdata.Rd:19-20: Lost braces in \itemize; meant \describe ?
checkRd: (-1) catmapdata.Rd:20-21: Lost braces in \itemize; meant \describe ?
Flavors: r-devel-linux-x86_64-debian-clang, r-devel-linux-x86_64-debian-gcc, r-devel-linux-x86_64-fedora-clang, r-devel-linux-x86_64-fedora-gcc, r-devel-macos-arm64, r-devel-macos-x86_64, r-devel-windows-x86_64, r-patched-linux-x86_64, r-release-linux-x86_64, r-release-macos-arm64, r-release-macos-x86_64, r-release-windows-x86_64
Version: 1.6.4
Check: for non-standard things in the check directory
Result: NOTE
Found the following files/directories:
‘catmapdata.fixed.effects.plot.pdf’ ‘catmapdata.funnel.plot.pdf’
‘catmapdata.output.txt’ ‘catmapdata.random.effects.plot.pdf’
Flavors: r-devel-linux-x86_64-debian-clang, r-devel-linux-x86_64-debian-gcc, r-devel-linux-x86_64-fedora-clang, r-devel-linux-x86_64-fedora-gcc, r-patched-linux-x86_64, r-release-linux-x86_64