CRAN Package Check Results for Package catch

Last updated on 2025-02-19 09:50:44 CET.

Flavor Version Tinstall Tcheck Ttotal Status Flags
r-devel-linux-x86_64-debian-clang 1.0.1 9.64 55.18 64.82 OK
r-devel-linux-x86_64-debian-gcc 1.0.1 6.98 40.37 47.35 OK
r-devel-linux-x86_64-fedora-clang 1.0.1 99.21 OK
r-devel-linux-x86_64-fedora-gcc 1.0.1 95.18 OK
r-devel-macos-arm64 1.0.1 34.00 OK
r-devel-macos-x86_64 1.0.1 72.00 OK
r-devel-windows-x86_64 1.0.1 11.00 72.00 83.00 OK
r-patched-linux-x86_64 1.0.1 8.30 51.91 60.21 OK
r-release-linux-x86_64 1.0.1 8.93 52.18 61.11 OK
r-release-macos-arm64 1.0.1 32.00 OK
r-release-macos-x86_64 1.0.1 75.00 OK
r-release-windows-x86_64 1.0.1 11.00 3.00 14.00 FAIL
r-oldrel-macos-arm64 1.0.1 34.00 OK
r-oldrel-macos-x86_64 1.0.1 53.00 OK
r-oldrel-windows-x86_64 1.0.1 11.00 83.00 94.00 OK

Check Details

Version: 1.0.1
Check: package dependencies
Result: FAIL
Flavor: r-release-windows-x86_64