Last updated on 2025-02-19 09:50:44 CET.
Flavor | Version | Tinstall | Tcheck | Ttotal | Status | Flags |
---|---|---|---|---|---|---|
r-devel-linux-x86_64-debian-clang | 0.5.1 | 6.35 | 31.41 | 37.76 | OK | |
r-devel-linux-x86_64-debian-gcc | 0.5.1 | 4.48 | 23.03 | 27.51 | OK | |
r-devel-linux-x86_64-fedora-clang | 0.5.1 | 60.47 | OK | |||
r-devel-linux-x86_64-fedora-gcc | 0.5.1 | 56.95 | OK | |||
r-devel-macos-arm64 | 0.5.1 | 23.00 | OK | |||
r-devel-macos-x86_64 | 0.5.1 | 35.00 | OK | |||
r-devel-windows-x86_64 | 0.5.1 | 8.00 | 54.00 | 62.00 | OK | |
r-patched-linux-x86_64 | 0.5.1 | 6.72 | 29.46 | 36.18 | OK | |
r-release-linux-x86_64 | 0.5.1 | 6.08 | 30.52 | 36.60 | OK | |
r-release-macos-arm64 | 0.5.1 | 27.00 | OK | |||
r-release-macos-x86_64 | 0.5.1 | 32.00 | OK | |||
r-release-windows-x86_64 | 0.5.1 | 8.00 | 3.00 | 11.00 | FAIL | |
r-oldrel-macos-arm64 | 0.5.1 | 23.00 | OK | |||
r-oldrel-macos-x86_64 | 0.5.1 | 32.00 | OK | |||
r-oldrel-windows-x86_64 | 0.5.1 | 11.00 | 76.00 | 87.00 | OK |
Version: 0.5.1
Check: package dependencies
Result: FAIL
Flavor: r-release-windows-x86_64