Last updated on 2025-02-16 09:50:35 CET.
Flavor | Version | Tinstall | Tcheck | Ttotal | Status | Flags |
---|---|---|---|---|---|---|
r-devel-linux-x86_64-debian-clang | 3.1.4 | 15.83 | 144.55 | 160.38 | NOTE | |
r-devel-linux-x86_64-debian-gcc | 3.1.4 | 10.91 | 95.73 | 106.64 | NOTE | |
r-devel-linux-x86_64-fedora-clang | 3.1.4 | 271.55 | OK | |||
r-devel-linux-x86_64-fedora-gcc | 3.1.4 | 265.40 | OK | |||
r-devel-macos-arm64 | 3.1.4 | 76.00 | OK | |||
r-devel-macos-x86_64 | 3.1.4 | 159.00 | OK | |||
r-devel-windows-x86_64 | 3.1.4 | 19.00 | 176.00 | 195.00 | NOTE | |
r-patched-linux-x86_64 | 3.1.4 | 20.13 | 135.56 | 155.69 | OK | |
r-release-linux-x86_64 | 3.1.4 | 14.95 | 139.80 | 154.75 | OK | |
r-release-macos-arm64 | 3.1.4 | 71.00 | OK | |||
r-release-macos-x86_64 | 3.1.4 | 112.00 | OK | |||
r-release-windows-x86_64 | 3.1.4 | 22.00 | 179.00 | 201.00 | OK | |
r-oldrel-macos-arm64 | 3.1.4 | 107.00 | OK | |||
r-oldrel-macos-x86_64 | 3.1.4 | 174.00 | OK | |||
r-oldrel-windows-x86_64 | 3.1.4 | 24.00 | 242.00 | 266.00 | OK |
Version: 3.1.4
Check: Rd cross-references
Result: NOTE
Found the following Rd file(s) with Rd \link{} targets missing package
anchors:
dotDensityLayer.Rd: st_sample
Please provide package anchors for all Rd \link{} targets not in the
package itself and the base packages.
Flavors: r-devel-linux-x86_64-debian-clang, r-devel-linux-x86_64-debian-gcc, r-devel-windows-x86_64