Last updated on 2025-02-19 09:50:44 CET.
Flavor | Version | Tinstall | Tcheck | Ttotal | Status | Flags |
---|---|---|---|---|---|---|
r-devel-linux-x86_64-debian-clang | 2.2.1 | 70.96 | 68.84 | 139.80 | OK | |
r-devel-linux-x86_64-debian-gcc | 2.2.1 | 51.81 | 46.06 | 97.87 | OK | |
r-devel-linux-x86_64-fedora-clang | 2.2.1 | 221.61 | OK | |||
r-devel-linux-x86_64-fedora-gcc | 2.2.1 | 241.74 | OK | |||
r-devel-macos-arm64 | 2.2.1 | 59.00 | OK | |||
r-devel-macos-x86_64 | 2.2.1 | 119.00 | OK | |||
r-devel-windows-x86_64 | 2.2.1 | 64.00 | 108.00 | 172.00 | OK | |
r-patched-linux-x86_64 | 2.2.1 | 65.30 | 62.40 | 127.70 | OK | |
r-release-linux-x86_64 | 2.2.1 | 67.63 | 62.24 | 129.87 | OK | |
r-release-macos-arm64 | 2.2.1 | 58.00 | NOTE | |||
r-release-macos-x86_64 | 2.2.1 | 88.00 | NOTE | |||
r-release-windows-x86_64 | 2.2.1 | 65.00 | 3.00 | 68.00 | FAIL | |
r-oldrel-macos-arm64 | 2.2.1 | 80.00 | NOTE | |||
r-oldrel-macos-x86_64 | 2.2.1 | 130.00 | NOTE | |||
r-oldrel-windows-x86_64 | 2.2.1 | 79.00 | 120.00 | 199.00 | OK |
Version: 2.2.1
Check: installed package size
Result: NOTE
installed size is 10.6Mb
sub-directories of 1Mb or more:
libs 10.2Mb
Flavors: r-release-macos-arm64, r-release-macos-x86_64, r-oldrel-macos-arm64, r-oldrel-macos-x86_64
Version: 2.2.1
Check: package dependencies
Result: FAIL
Flavor: r-release-windows-x86_64