Last updated on 2025-02-16 09:50:35 CET.
Flavor | Version | Tinstall | Tcheck | Ttotal | Status | Flags |
---|---|---|---|---|---|---|
r-devel-linux-x86_64-debian-clang | 0.1.0 | 5.63 | 73.29 | 78.92 | NOTE | |
r-devel-linux-x86_64-debian-gcc | 0.1.0 | 3.38 | 52.02 | 55.40 | NOTE | |
r-devel-linux-x86_64-fedora-clang | 0.1.0 | 132.85 | NOTE | |||
r-devel-linux-x86_64-fedora-gcc | 0.1.0 | 142.43 | NOTE | |||
r-devel-macos-arm64 | 0.1.0 | 48.00 | NOTE | |||
r-devel-macos-x86_64 | 0.1.0 | 90.00 | NOTE | |||
r-devel-windows-x86_64 | 0.1.0 | 9.00 | 98.00 | 107.00 | NOTE | |
r-patched-linux-x86_64 | 0.1.0 | 5.54 | 69.41 | 74.95 | NOTE | |
r-release-linux-x86_64 | 0.1.0 | 4.89 | 69.73 | 74.62 | NOTE | |
r-release-macos-arm64 | 0.1.0 | 48.00 | NOTE | |||
r-release-macos-x86_64 | 0.1.0 | 75.00 | NOTE | |||
r-release-windows-x86_64 | 0.1.0 | 8.00 | 99.00 | 107.00 | NOTE | |
r-oldrel-macos-arm64 | 0.1.0 | 49.00 | OK | |||
r-oldrel-macos-x86_64 | 0.1.0 | 71.00 | OK | |||
r-oldrel-windows-x86_64 | 0.1.0 | 9.00 | 112.00 | 121.00 | OK |
Version: 0.1.0
Check: Rd files
Result: NOTE
checkRd: (-1) Recording.Rd:112: Lost braces; missing escapes or markup?
112 | Stop recording images with {camcorder}.
| ^
Flavors: r-devel-linux-x86_64-debian-clang, r-devel-linux-x86_64-debian-gcc, r-devel-linux-x86_64-fedora-clang, r-devel-linux-x86_64-fedora-gcc, r-devel-macos-arm64, r-devel-macos-x86_64, r-devel-windows-x86_64, r-patched-linux-x86_64, r-release-linux-x86_64, r-release-macos-arm64, r-release-macos-x86_64, r-release-windows-x86_64