Last updated on 2025-02-19 09:50:44 CET.
Flavor | Version | Tinstall | Tcheck | Ttotal | Status | Flags |
---|---|---|---|---|---|---|
r-devel-linux-x86_64-debian-clang | 0.1 | 4.93 | 48.18 | 53.11 | OK | |
r-devel-linux-x86_64-debian-gcc | 0.1 | 3.38 | 33.57 | 36.95 | OK | |
r-devel-linux-x86_64-fedora-clang | 0.1 | 82.25 | OK | |||
r-devel-linux-x86_64-fedora-gcc | 0.1 | 78.25 | OK | |||
r-devel-macos-arm64 | 0.1 | 27.00 | OK | |||
r-devel-macos-x86_64 | 0.1 | 47.00 | OK | |||
r-devel-windows-x86_64 | 0.1 | 5.00 | 62.00 | 67.00 | OK | |
r-patched-linux-x86_64 | 0.1 | 4.66 | 45.06 | 49.72 | OK | |
r-release-linux-x86_64 | 0.1 | 4.68 | 44.23 | 48.91 | OK | |
r-release-macos-arm64 | 0.1 | 25.00 | OK | |||
r-release-macos-x86_64 | 0.1 | 41.00 | OK | |||
r-release-windows-x86_64 | 0.1 | 5.00 | 3.00 | 8.00 | FAIL | |
r-oldrel-macos-arm64 | 0.1 | 26.00 | OK | |||
r-oldrel-macos-x86_64 | 0.1 | 44.00 | OK | |||
r-oldrel-windows-x86_64 | 0.1 | 7.00 | 68.00 | 75.00 | OK |
Version: 0.1
Check: package dependencies
Result: FAIL
Flavor: r-release-windows-x86_64