CRAN Package Check Results for Package calACS

Last updated on 2025-02-16 09:50:35 CET.

Flavor Version Tinstall Tcheck Ttotal Status Flags
r-devel-linux-x86_64-debian-clang 2.2.2 1.64 16.02 17.66 OK
r-devel-linux-x86_64-debian-gcc 2.2.2 1.41 13.72 15.13 OK
r-devel-linux-x86_64-fedora-clang 2.2.2 29.35 OK
r-devel-linux-x86_64-fedora-gcc 2.2.2 27.22 OK
r-devel-macos-arm64 2.2.2 14.00 OK
r-devel-macos-x86_64 2.2.2 22.00 OK
r-devel-windows-x86_64 2.2.2 2.00 35.00 37.00 OK
r-patched-linux-x86_64 2.2.2 1.61 15.44 17.05 NOTE
r-release-linux-x86_64 2.2.2 1.36 15.34 16.70 NOTE
r-release-macos-arm64 2.2.2 18.00 NOTE
r-release-macos-x86_64 2.2.2 19.00 NOTE
r-release-windows-x86_64 2.2.2 2.00 35.00 37.00 NOTE
r-oldrel-macos-arm64 2.2.2 13.00 NOTE
r-oldrel-macos-x86_64 2.2.2 18.00 NOTE
r-oldrel-windows-x86_64 2.2.2 2.00 34.00 36.00 NOTE

Check Details

Version: 2.2.2
Check: LazyData
Result: NOTE 'LazyData' is specified without a 'data' directory Flavors: r-patched-linux-x86_64, r-release-linux-x86_64, r-release-macos-arm64, r-release-macos-x86_64, r-release-windows-x86_64, r-oldrel-macos-arm64, r-oldrel-macos-x86_64, r-oldrel-windows-x86_64