CRAN Package Check Results for Package c2c

Last updated on 2025-02-16 09:50:35 CET.

Flavor Version Tinstall Tcheck Ttotal Status Flags
r-devel-linux-x86_64-debian-clang 0.1.0 1.65 21.55 23.20 OK
r-devel-linux-x86_64-debian-gcc 0.1.0 1.26 17.74 19.00 OK
r-devel-linux-x86_64-fedora-clang 0.1.0 40.34 OK
r-devel-linux-x86_64-fedora-gcc 0.1.0 50.86 OK
r-devel-macos-arm64 0.1.0 23.00 OK
r-devel-macos-x86_64 0.1.0 40.00 OK
r-devel-windows-x86_64 0.1.0 3.00 44.00 47.00 OK
r-patched-linux-x86_64 0.1.0 1.80 20.50 22.30 NOTE
r-release-linux-x86_64 0.1.0 1.62 20.53 22.15 NOTE
r-release-macos-arm64 0.1.0 28.00 NOTE
r-release-macos-x86_64 0.1.0 32.00 NOTE
r-release-windows-x86_64 0.1.0 2.00 43.00 45.00 NOTE
r-oldrel-macos-arm64 0.1.0 21.00 NOTE
r-oldrel-macos-x86_64 0.1.0 30.00 NOTE
r-oldrel-windows-x86_64 0.1.0 3.00 67.00 70.00 NOTE

Check Details

Version: 0.1.0
Check: LazyData
Result: NOTE 'LazyData' is specified without a 'data' directory Flavors: r-patched-linux-x86_64, r-release-linux-x86_64, r-release-macos-arm64, r-release-macos-x86_64, r-release-windows-x86_64, r-oldrel-macos-arm64, r-oldrel-macos-x86_64, r-oldrel-windows-x86_64