Last updated on 2025-02-16 09:50:35 CET.
Flavor | Version | Tinstall | Tcheck | Ttotal | Status | Flags |
---|---|---|---|---|---|---|
r-devel-linux-x86_64-debian-clang | 0.3-0 | 8.76 | 65.00 | 73.76 | NOTE | |
r-devel-linux-x86_64-debian-gcc | 0.3-0 | 6.51 | 48.03 | 54.54 | NOTE | |
r-devel-linux-x86_64-fedora-clang | 0.3-0 | 120.24 | OK | |||
r-devel-linux-x86_64-fedora-gcc | 0.3-0 | 113.48 | OK | |||
r-devel-macos-arm64 | 0.3-0 | 40.00 | OK | |||
r-devel-macos-x86_64 | 0.3-0 | 71.00 | OK | |||
r-devel-windows-x86_64 | 0.3-0 | 10.00 | 79.00 | 89.00 | NOTE | |
r-patched-linux-x86_64 | 0.3-0 | 11.69 | 61.13 | 72.82 | OK | |
r-release-linux-x86_64 | 0.3-0 | 7.48 | 62.13 | 69.61 | OK | |
r-release-macos-arm64 | 0.3-0 | 35.00 | OK | |||
r-release-macos-x86_64 | 0.3-0 | 66.00 | OK | |||
r-release-windows-x86_64 | 0.3-0 | 10.00 | 96.00 | 106.00 | OK | |
r-oldrel-macos-arm64 | 0.3-0 | 37.00 | OK | |||
r-oldrel-macos-x86_64 | 0.3-0 | 61.00 | OK | |||
r-oldrel-windows-x86_64 | 0.3-0 | 11.00 | 118.00 | 129.00 | OK |
Version: 0.3-0
Check: Rd cross-references
Result: NOTE
Found the following Rd file(s) with Rd \link{} targets missing package
anchors:
balancedFolds.Rd: EPSGO
coef.intsearch.Rd: EPSGO
plot.summary.int.Rd: EPSGO
stabpath.Rd: glmnet
summary.intsearch.Rd: EPSGO
Please provide package anchors for all Rd \link{} targets not in the
package itself and the base packages.
Flavors: r-devel-linux-x86_64-debian-clang, r-devel-linux-x86_64-debian-gcc, r-devel-windows-x86_64