CRAN Package Check Results for Package bulkreadr

Last updated on 2025-04-15 09:52:17 CEST.

Flavor Version Tinstall Tcheck Ttotal Status Flags
r-devel-linux-x86_64-debian-clang 1.1.1 8.26 92.82 101.08 NOTE
r-devel-linux-x86_64-debian-gcc 1.1.1 4.30 64.45 68.75 NOTE
r-devel-linux-x86_64-fedora-clang 1.1.1 156.72 OK
r-devel-linux-x86_64-fedora-gcc 1.1.1 159.20 OK
r-devel-windows-x86_64 1.1.1 10.00 109.00 119.00 NOTE
r-patched-linux-x86_64 1.1.1 6.81 84.98 91.79 NOTE
r-release-linux-x86_64 1.1.1 8.03 85.77 93.80 NOTE
r-release-macos-arm64 1.1.1 62.00 OK
r-release-macos-x86_64 1.1.1 102.00 OK
r-release-windows-x86_64 1.1.1 10.00 107.00 117.00 NOTE
r-oldrel-macos-arm64 1.1.1 67.00 OK
r-oldrel-macos-x86_64 1.1.1 150.00 OK
r-oldrel-windows-x86_64 1.1.1 13.00 134.00 147.00 OK

Check Details

Version: 1.1.1
Check: Rd cross-references
Result: NOTE Found the following Rd file(s) with Rd \link{} targets missing package anchors: read_excel_workbook.Rd: read_excel read_gsheets.Rd: read_sheet Please provide package anchors for all Rd \link{} targets not in the package itself and the base packages. Flavors: r-devel-linux-x86_64-debian-clang, r-devel-linux-x86_64-debian-gcc, r-devel-windows-x86_64, r-patched-linux-x86_64, r-release-linux-x86_64, r-release-windows-x86_64