Last updated on 2025-02-19 09:50:43 CET.
Flavor | Version | Tinstall | Tcheck | Ttotal | Status | Flags |
---|---|---|---|---|---|---|
r-devel-linux-x86_64-debian-clang | 1.0 | 1223.00 | 203.03 | 1426.03 | OK | |
r-devel-linux-x86_64-debian-gcc | 1.0 | 1117.76 | 245.56 | 1363.32 | OK | |
r-devel-linux-x86_64-fedora-clang | 1.0 | 2231.84 | NOTE | |||
r-devel-linux-x86_64-fedora-gcc | 1.0 | 3305.87 | NOTE | |||
r-devel-macos-arm64 | 1.0 | 601.00 | OK | |||
r-devel-macos-x86_64 | 1.0 | 676.00 | OK | |||
r-devel-windows-x86_64 | 1.0 | 1175.00 | 332.00 | 1507.00 | OK | |
r-patched-linux-x86_64 | 1.0 | 1433.45 | 322.75 | 1756.20 | NOTE | |
r-release-linux-x86_64 | 1.0 | 1507.58 | 321.50 | 1829.08 | NOTE | |
r-release-macos-arm64 | 1.0 | 338.00 | NOTE | |||
r-release-macos-x86_64 | 1.0 | 271.00 | NOTE | |||
r-release-windows-x86_64 | 1.0 | 1166.00 | 329.00 | 1495.00 | NOTE | |
r-oldrel-macos-arm64 | 1.0 | 712.00 | NOTE | |||
r-oldrel-macos-x86_64 | 1.0 | 616.00 | NOTE | |||
r-oldrel-windows-x86_64 | 1.0 | 1587.00 | 416.00 | 2003.00 | NOTE |
Version: 1.0
Check: dependencies in R code
Result: NOTE
Namespaces in Imports field not imported from:
‘R6’ ‘RcppParallel’ ‘purrr’ ‘rstantools’ ‘scales’ ‘vizdraws’
All declared Imports should be used.
Flavors: r-devel-linux-x86_64-fedora-clang, r-devel-linux-x86_64-fedora-gcc
Version: 1.0
Check: for GNU extensions in Makefiles
Result: NOTE
GNU make is a SystemRequirements.
Flavors: r-patched-linux-x86_64, r-release-linux-x86_64, r-release-macos-arm64, r-release-macos-x86_64, r-release-windows-x86_64, r-oldrel-macos-arm64, r-oldrel-macos-x86_64, r-oldrel-windows-x86_64
Version: 1.0
Check: installed package size
Result: NOTE
installed size is 173.7Mb
sub-directories of 1Mb or more:
libs 172.8Mb
Flavors: r-release-macos-arm64, r-release-macos-x86_64, r-release-windows-x86_64, r-oldrel-macos-arm64, r-oldrel-macos-x86_64, r-oldrel-windows-x86_64