CRAN Package Check Results for Package bsnsing

Last updated on 2025-02-19 09:50:43 CET.

Flavor Version Tinstall Tcheck Ttotal Status Flags
r-devel-linux-x86_64-debian-clang 1.0.1 11.74 49.87 61.61 NOTE
r-devel-linux-x86_64-debian-gcc 1.0.1 8.94 34.87 43.81 NOTE
r-devel-linux-x86_64-fedora-clang 1.0.1 103.81 NOTE
r-devel-linux-x86_64-fedora-gcc 1.0.1 97.00 NOTE
r-devel-macos-arm64 1.0.1 30.00 NOTE
r-devel-macos-x86_64 1.0.1 58.00 NOTE
r-devel-windows-x86_64 1.0.1 15.00 90.00 105.00 NOTE
r-patched-linux-x86_64 1.0.1 12.64 46.08 58.72 NOTE
r-release-linux-x86_64 1.0.1 12.12 46.85 58.97 NOTE
r-release-macos-arm64 1.0.1 32.00 NOTE
r-release-macos-x86_64 1.0.1 44.00 NOTE
r-release-windows-x86_64 1.0.1 14.00 3.00 17.00 FAIL
r-oldrel-macos-arm64 1.0.1 33.00 OK
r-oldrel-macos-x86_64 1.0.1 52.00 OK
r-oldrel-windows-x86_64 1.0.1 16.00 99.00 115.00 OK

Check Details

Version: 1.0.1
Check: Rd files
Result: NOTE checkRd: (-1) bscontrol.Rd:39: Lost braces; missing escapes or markup? 39 | \item{opt.solver}{a character string in the set {'enum', 'enum_c', 'gurobi', 'cplex', 'lpSolve', 'greedy'} indicating the optimization solver to be used in the program. The choice of 'cplex' requires the package \code{cplexAPI}, 'gurobi' requires the package \code{gurobi}, and 'lpSolve' requires the package \code{lpSolve}. These solver options are only available in the full version at \url{https://github.com/profyliu/bsnsing/}. The default (and the best) is 'enum_c'.} | ^ checkRd: (-1) bscontrol.Rd:45: Lost braces; missing escapes or markup? 45 | \item{opt.model}{a character string in the set {'gini','error'} indicating the optimization model to solve in the program. The default is 'gini'. The 'error' option is not available in the current version.} | ^ Flavors: r-devel-linux-x86_64-debian-clang, r-devel-linux-x86_64-debian-gcc, r-devel-linux-x86_64-fedora-clang, r-devel-linux-x86_64-fedora-gcc, r-devel-macos-arm64, r-devel-macos-x86_64, r-devel-windows-x86_64, r-patched-linux-x86_64, r-release-linux-x86_64, r-release-macos-arm64, r-release-macos-x86_64

Version: 1.0.1
Check: package dependencies
Result: FAIL
Flavor: r-release-windows-x86_64