Last updated on 2025-02-16 09:50:35 CET.
Flavor | Version | Tinstall | Tcheck | Ttotal | Status | Flags |
---|---|---|---|---|---|---|
r-devel-linux-x86_64-debian-clang | 0.1.2 | 28.89 | 172.85 | 201.74 | OK | |
r-devel-linux-x86_64-debian-gcc | 0.1.2 | 24.11 | 126.52 | 150.63 | OK | |
r-devel-linux-x86_64-fedora-clang | 0.1.2 | 337.32 | OK | |||
r-devel-linux-x86_64-fedora-gcc | 0.1.2 | 319.95 | OK | |||
r-devel-macos-arm64 | 0.1.2 | 78.00 | OK | |||
r-devel-macos-x86_64 | 0.1.2 | 190.00 | OK | |||
r-devel-windows-x86_64 | 0.1.2 | 25.00 | 154.00 | 179.00 | OK | |
r-patched-linux-x86_64 | 0.1.2 | 33.11 | 165.66 | 198.77 | NOTE | |
r-release-linux-x86_64 | 0.1.2 | 29.96 | 166.09 | 196.05 | NOTE | |
r-release-macos-arm64 | 0.1.2 | 82.00 | NOTE | |||
r-release-macos-x86_64 | 0.1.2 | 118.00 | NOTE | |||
r-release-windows-x86_64 | 0.1.2 | 24.00 | 152.00 | 176.00 | NOTE | |
r-oldrel-macos-arm64 | 0.1.2 | 75.00 | NOTE | |||
r-oldrel-macos-x86_64 | 0.1.2 | 127.00 | NOTE | |||
r-oldrel-windows-x86_64 | 0.1.2 | 32.00 | 190.00 | 222.00 | NOTE |
Version: 0.1.2
Check: LazyData
Result: NOTE
'LazyData' is specified without a 'data' directory
Flavors: r-patched-linux-x86_64, r-release-linux-x86_64, r-release-macos-arm64, r-release-macos-x86_64, r-release-windows-x86_64, r-oldrel-macos-arm64, r-oldrel-macos-x86_64, r-oldrel-windows-x86_64