Last updated on 2025-02-16 09:50:35 CET.
Flavor | Version | Tinstall | Tcheck | Ttotal | Status | Flags |
---|---|---|---|---|---|---|
r-devel-linux-x86_64-debian-clang | 1.3.1 | 26.30 | 33.16 | 59.46 | OK | |
r-devel-linux-x86_64-debian-gcc | 1.3.1 | 21.94 | 26.54 | 48.48 | OK | |
r-devel-linux-x86_64-fedora-clang | 1.3.1 | 99.78 | OK | |||
r-devel-linux-x86_64-fedora-gcc | 1.3.1 | 137.20 | OK | |||
r-devel-macos-arm64 | 1.3.1 | 41.00 | OK | |||
r-devel-macos-x86_64 | 1.3.1 | 57.00 | OK | |||
r-devel-windows-x86_64 | 1.3.1 | 37.00 | 56.00 | 93.00 | OK | |
r-patched-linux-x86_64 | 1.3.1 | 29.56 | 31.91 | 61.47 | OK | |
r-release-linux-x86_64 | 1.3.1 | 30.01 | 32.05 | 62.06 | OK | |
r-release-macos-arm64 | 1.3.1 | 25.00 | WARN | |||
r-release-macos-x86_64 | 1.3.1 | 103.00 | OK | |||
r-release-windows-x86_64 | 1.3.1 | 34.00 | 56.00 | 90.00 | OK | |
r-oldrel-macos-arm64 | 1.3.1 | 65.00 | OK | |||
r-oldrel-macos-x86_64 | 1.3.1 | 110.00 | OK | |||
r-oldrel-windows-x86_64 | 1.3.1 | 36.00 | 84.00 | 120.00 | OK |
Version: 1.3.1
Check: for code/documentation mismatches
Result: WARN
Warning in file(open = "w+") :
cannot open file '/var/folders/k4/0jwzxmln0nb8y6rkzprptb640000gq/T//RtmpC6o3yj/Rf95733f83f62c': No space left on device
Error in file(open = "w+") : cannot open the connection
Calls: <Anonymous> -> .load_package_quietly -> .try_quietly -> file
Execution halted
* using check arguments '--no-clean-on-error '
Flavor: r-release-macos-arm64