Last updated on 2025-02-16 09:50:35 CET.
Flavor | Version | Tinstall | Tcheck | Ttotal | Status | Flags |
---|---|---|---|---|---|---|
r-devel-linux-x86_64-debian-clang | 2024.0.0 | 5.20 | 35.72 | 40.92 | NOTE | |
r-devel-linux-x86_64-debian-gcc | 2024.0.0 | 3.61 | 26.27 | 29.88 | NOTE | |
r-devel-linux-x86_64-fedora-clang | 2024.0.0 | 65.54 | NOTE | |||
r-devel-linux-x86_64-fedora-gcc | 2024.0.0 | 60.49 | NOTE | |||
r-devel-macos-arm64 | 2024.0.0 | 24.00 | OK | |||
r-devel-macos-x86_64 | 2024.0.0 | 38.00 | NOTE | |||
r-devel-windows-x86_64 | 2024.0.0 | 8.00 | 54.00 | 62.00 | NOTE | |
r-patched-linux-x86_64 | 2024.0.0 | 4.72 | 32.83 | 37.55 | OK | |
r-release-linux-x86_64 | 2024.0.0 | 4.29 | 32.73 | 37.02 | OK | |
r-release-macos-arm64 | 2024.0.0 | 23.00 | OK | |||
r-release-macos-x86_64 | 2024.0.0 | 38.00 | OK | |||
r-release-windows-x86_64 | 2024.0.0 | 7.00 | 54.00 | 61.00 | OK | |
r-oldrel-macos-arm64 | 2024.0.0 | 30.00 | OK | |||
r-oldrel-macos-x86_64 | 2024.0.0 | 40.00 | OK | |||
r-oldrel-windows-x86_64 | 2024.0.0 | 7.00 | 86.00 | 93.00 | OK |
Version: 2024.0.0
Check: DESCRIPTION meta-information
Result: NOTE
Missing dependency on R >= 4.1.0 because package code uses the pipe
|> or function shorthand \(...) syntax added in R 4.1.0.
File(s) using such syntax:
‘getReviews.R’ ‘getSets.R’
Flavors: r-devel-linux-x86_64-debian-clang, r-devel-linux-x86_64-debian-gcc, r-devel-linux-x86_64-fedora-clang, r-devel-linux-x86_64-fedora-gcc, r-devel-macos-x86_64, r-devel-windows-x86_64