CRAN Package Check Results for Package braQCA

Last updated on 2025-02-19 09:50:43 CET.

Flavor Version Tinstall Tcheck Ttotal Status Flags
r-devel-linux-x86_64-debian-clang 1.4.11.27 3.94 36.61 40.55 OK
r-devel-linux-x86_64-debian-gcc 1.4.11.27 2.85 27.96 30.81 OK
r-devel-linux-x86_64-fedora-clang 1.4.11.27 66.01 OK
r-devel-linux-x86_64-fedora-gcc 1.4.11.27 61.86 OK
r-devel-macos-arm64 1.4.11.27 24.00 OK
r-devel-macos-x86_64 1.4.11.27 57.00 OK
r-devel-windows-x86_64 1.4.11.27 6.00 56.00 62.00 OK
r-patched-linux-x86_64 1.4.11.27 3.70 34.91 38.61 OK
r-release-linux-x86_64 1.4.11.27 3.67 35.02 38.69 OK
r-release-macos-arm64 1.4.11.27 29.00 OK
r-release-macos-x86_64 1.4.11.27 44.00 OK
r-release-windows-x86_64 1.4.11.27 6.00 3.00 9.00 FAIL
r-oldrel-macos-arm64 1.4.11.27 29.00 OK
r-oldrel-macos-x86_64 1.4.11.27 42.00 OK
r-oldrel-windows-x86_64 1.4.11.27 8.00 64.00 72.00 OK

Check Details

Version: 1.4.11.27
Check: package dependencies
Result: FAIL
Flavor: r-release-windows-x86_64