Last updated on 2025-02-19 09:50:43 CET.
Flavor | Version | Tinstall | Tcheck | Ttotal | Status | Flags |
---|---|---|---|---|---|---|
r-devel-linux-x86_64-debian-clang | 1.4.2 | 10.85 | 100.37 | 111.22 | OK | |
r-devel-linux-x86_64-debian-gcc | 1.4.2 | 7.89 | 70.31 | 78.20 | OK | |
r-devel-linux-x86_64-fedora-clang | 1.4.2 | 173.11 | OK | |||
r-devel-linux-x86_64-fedora-gcc | 1.4.2 | 180.58 | OK | |||
r-devel-macos-arm64 | 1.4.2 | 59.00 | OK | |||
r-devel-macos-x86_64 | 1.4.2 | 131.00 | OK | |||
r-devel-windows-x86_64 | 1.4.2 | 13.00 | 117.00 | 130.00 | OK | |
r-patched-linux-x86_64 | 1.4.2 | 10.54 | 90.86 | 101.40 | OK | |
r-release-linux-x86_64 | 1.4.2 | 10.11 | 91.96 | 102.07 | OK | |
r-release-macos-arm64 | 1.4.2 | 60.00 | OK | |||
r-release-macos-x86_64 | 1.4.2 | 83.00 | OK | |||
r-release-windows-x86_64 | 1.4.2 | 13.00 | 3.00 | 16.00 | FAIL | |
r-oldrel-macos-arm64 | 1.4.2 | 70.00 | OK | |||
r-oldrel-macos-x86_64 | 1.4.2 | 148.00 | OK | |||
r-oldrel-windows-x86_64 | 1.4.2 | 15.00 | 140.00 | 155.00 | OK |
Version: 1.4.2
Check: package dependencies
Result: FAIL
Flavor: r-release-windows-x86_64