Last updated on 2025-02-16 09:50:35 CET.
Flavor | Version | Tinstall | Tcheck | Ttotal | Status | Flags |
---|---|---|---|---|---|---|
r-devel-linux-x86_64-debian-clang | 1.0.2 | 1.82 | 59.61 | 61.43 | OK | |
r-devel-linux-x86_64-debian-gcc | 1.0.2 | 1.60 | 43.09 | 44.69 | OK | |
r-devel-linux-x86_64-fedora-clang | 1.0.2 | 102.97 | OK | |||
r-devel-linux-x86_64-fedora-gcc | 1.0.2 | 100.71 | OK | |||
r-devel-macos-arm64 | 1.0.2 | 33.00 | OK | |||
r-devel-macos-x86_64 | 1.0.2 | 104.00 | OK | |||
r-devel-windows-x86_64 | 1.0.2 | 3.00 | 87.00 | 90.00 | OK | |
r-patched-linux-x86_64 | 1.0.2 | 2.02 | 56.62 | 58.64 | NOTE | |
r-release-linux-x86_64 | 1.0.2 | 1.91 | 57.27 | 59.18 | NOTE | |
r-release-macos-arm64 | 1.0.2 | 36.00 | NOTE | |||
r-release-macos-x86_64 | 1.0.2 | 81.00 | NOTE | |||
r-release-windows-x86_64 | 1.0.2 | 3.00 | 92.00 | 95.00 | NOTE | |
r-oldrel-macos-arm64 | 1.0.2 | 45.00 | NOTE | |||
r-oldrel-macos-x86_64 | 1.0.2 | 105.00 | NOTE | |||
r-oldrel-windows-x86_64 | 1.0.2 | 4.00 | 124.00 | 128.00 | NOTE |
Version: 1.0.2
Check: LazyData
Result: NOTE
'LazyData' is specified without a 'data' directory
Flavors: r-patched-linux-x86_64, r-release-linux-x86_64, r-release-macos-arm64, r-release-macos-x86_64, r-release-windows-x86_64, r-oldrel-macos-arm64, r-oldrel-macos-x86_64, r-oldrel-windows-x86_64