Last updated on 2025-02-16 09:50:35 CET.
Flavor | Version | Tinstall | Tcheck | Ttotal | Status | Flags |
---|---|---|---|---|---|---|
r-devel-linux-x86_64-debian-clang | 2.0.1 | 7.92 | 72.37 | 80.29 | OK | |
r-devel-linux-x86_64-debian-gcc | 2.0.1 | 5.46 | 55.23 | 60.69 | OK | |
r-devel-linux-x86_64-fedora-clang | 2.0.1 | 135.15 | OK | |||
r-devel-linux-x86_64-fedora-gcc | 2.0.1 | 139.76 | OK | |||
r-devel-macos-arm64 | 2.0.1 | 52.00 | OK | |||
r-devel-macos-x86_64 | 2.0.1 | 96.00 | OK | |||
r-devel-windows-x86_64 | 2.0.1 | 9.00 | 89.00 | 98.00 | OK | |
r-patched-linux-x86_64 | 2.0.1 | 8.26 | 68.07 | 76.33 | NOTE | |
r-release-linux-x86_64 | 2.0.1 | 8.82 | 68.19 | 77.01 | NOTE | |
r-release-macos-arm64 | 2.0.1 | 55.00 | NOTE | |||
r-release-macos-x86_64 | 2.0.1 | 142.00 | NOTE | |||
r-release-windows-x86_64 | 2.0.1 | 9.00 | 84.00 | 93.00 | NOTE | |
r-oldrel-macos-arm64 | 2.0.1 | 59.00 | NOTE | |||
r-oldrel-macos-x86_64 | 2.0.1 | 97.00 | NOTE | |||
r-oldrel-windows-x86_64 | 2.0.1 | 11.00 | 101.00 | 112.00 | NOTE |
Version: 2.0.1
Check: package dependencies
Result: NOTE
Packages suggested but not available for checking:
'adiposerefdata', 'musclerefdata'
Flavors: r-patched-linux-x86_64, r-release-linux-x86_64, r-release-macos-arm64, r-release-macos-x86_64, r-release-windows-x86_64, r-oldrel-macos-arm64, r-oldrel-macos-x86_64, r-oldrel-windows-x86_64